CRAN Package Check Results for Package diffdf

Last updated on 2021-07-27 01:50:40 CEST.

Flavor Version Tinstall Tcheck Ttotal Status Flags
r-devel-linux-x86_64-debian-clang 1.0.4 4.06 58.47 62.53 NOTE
r-devel-linux-x86_64-debian-gcc 1.0.4 3.38 43.35 46.73 NOTE
r-devel-linux-x86_64-fedora-clang 1.0.4 81.22 NOTE
r-devel-linux-x86_64-fedora-gcc 1.0.4 71.21 NOTE
r-devel-windows-x86_64 1.0.4 6.00 79.00 85.00 NOTE
r-devel-windows-x86_64-gcc10-UCRT 1.0.4 NOTE
r-patched-linux-x86_64 1.0.4 3.58 54.03 57.61 NOTE
r-patched-solaris-x86 1.0.4 95.40 NOTE
r-release-linux-x86_64 1.0.4 4.22 54.29 58.51 NOTE
r-release-macos-arm64 1.0.4 NOTE
r-release-macos-x86_64 1.0.4 NOTE
r-release-windows-ix86+x86_64 1.0.4 10.00 56.00 66.00 NOTE
r-oldrel-macos-x86_64 1.0.4 OK
r-oldrel-windows-ix86+x86_64 1.0.4 7.00 77.00 84.00 OK

Check Details

Version: 1.0.4
Check: LazyData
Result: NOTE
     'LazyData' is specified without a 'data' directory
Flavors: r-devel-linux-x86_64-debian-clang, r-devel-linux-x86_64-debian-gcc, r-devel-linux-x86_64-fedora-clang, r-devel-linux-x86_64-fedora-gcc, r-devel-windows-x86_64, r-devel-windows-x86_64-gcc10-UCRT, r-patched-linux-x86_64, r-patched-solaris-x86, r-release-linux-x86_64, r-release-macos-arm64, r-release-macos-x86_64, r-release-windows-ix86+x86_64