CRAN Package Check Results for Package diffeqr

Last updated on 2023-03-29 07:55:16 CEST.

Flavor Version Tinstall Tcheck Ttotal Status Flags
r-devel-linux-x86_64-debian-clang 1.1.3 3.74 37.67 41.41 OK
r-devel-linux-x86_64-debian-gcc 1.1.3 2.93 29.58 32.51 OK
r-devel-linux-x86_64-fedora-clang 1.1.3 51.98 NOTE
r-devel-linux-x86_64-fedora-gcc 1.1.3 61.66 OK
r-devel-windows-x86_64 1.1.3 22.00 72.00 94.00 NOTE
r-patched-linux-x86_64 1.1.3 3.76 36.46 40.22 OK
r-release-linux-x86_64 1.1.3 2.39 38.57 40.96 OK
r-release-macos-arm64 1.1.3 62.00 NOTE
r-release-macos-x86_64 1.1.3 35.00 NOTE
r-release-windows-x86_64 1.1.3 19.00 72.00 91.00 NOTE
r-oldrel-macos-arm64 1.1.3 39.00 NOTE
r-oldrel-macos-x86_64 1.1.3 41.00 NOTE
r-oldrel-windows-ix86+x86_64 1.1.3 7.00 65.00 72.00 NOTE

Check Details

Version: 1.1.3
Check: installed package size
Result: NOTE
     installed size is 10.9Mb
     sub-directories of 1Mb or more:
     doc 10.8Mb
Flavors: r-devel-linux-x86_64-fedora-clang, r-devel-windows-x86_64, r-release-macos-arm64, r-release-macos-x86_64, r-release-windows-x86_64, r-oldrel-macos-arm64, r-oldrel-macos-x86_64, r-oldrel-windows-ix86+x86_64