CRAN Package Check Results for Package diffr

Last updated on 2023-02-03 00:50:56 CET.

Flavor Version Tinstall Tcheck Ttotal Status Flags
r-devel-linux-x86_64-debian-clang 0.1 2.91 27.36 30.27 NOTE
r-devel-linux-x86_64-debian-gcc 0.1 2.41 21.72 24.13 NOTE
r-devel-linux-x86_64-fedora-clang 0.1 39.39 NOTE
r-devel-linux-x86_64-fedora-gcc 0.1 37.37 NOTE
r-devel-windows-x86_64 0.1 22.00 62.00 84.00 NOTE
r-patched-linux-x86_64 0.1 8.77 28.02 36.79 NOTE
r-release-linux-x86_64 0.1 2.43 28.23 30.66 NOTE
r-release-macos-arm64 0.1 17.00 NOTE
r-release-macos-x86_64 0.1 24.00 NOTE
r-release-windows-x86_64 0.1 9.00 66.00 75.00 NOTE
r-oldrel-macos-arm64 0.1 21.00 NOTE
r-oldrel-macos-x86_64 0.1 29.00 NOTE
r-oldrel-windows-ix86+x86_64 0.1 7.00 52.00 59.00 NOTE

Check Details

Version: 0.1
Check: LazyData
Result: NOTE
     'LazyData' is specified without a 'data' directory
Flavors: r-devel-linux-x86_64-debian-clang, r-devel-linux-x86_64-debian-gcc, r-devel-linux-x86_64-fedora-clang, r-devel-linux-x86_64-fedora-gcc, r-devel-windows-x86_64, r-patched-linux-x86_64, r-release-linux-x86_64, r-release-macos-arm64, r-release-macos-x86_64, r-release-windows-x86_64, r-oldrel-macos-arm64, r-oldrel-macos-x86_64, r-oldrel-windows-ix86+x86_64