Last updated on 2021-03-02 00:47:24 CET.
Flavor | Version | Tinstall | Tcheck | Ttotal | Status | Flags |
---|---|---|---|---|---|---|
r-devel-linux-x86_64-debian-clang | 0.1.3-4 | NOTE | ||||
r-devel-linux-x86_64-debian-gcc | 0.1.3-4 | 2.34 | 22.15 | 24.49 | NOTE | |
r-devel-linux-x86_64-fedora-clang | 0.1.3-4 | 48.15 | NOTE | |||
r-devel-linux-x86_64-fedora-gcc | 0.1.3-4 | 37.80 | NOTE | |||
r-devel-windows-ix86+x86_64 | 0.1.3-4 | 5.00 | 34.00 | 39.00 | NOTE | |
r-patched-linux-x86_64 | 0.1.3-4 | 3.14 | 28.05 | 31.19 | NOTE | |
r-patched-solaris-x86 | 0.1.3-4 | 54.20 | NOTE | |||
r-release-linux-x86_64 | 0.1.3-4 | 2.97 | 27.83 | 30.80 | NOTE | |
r-release-macos-x86_64 | 0.1.3-4 | NOTE | ||||
r-release-windows-ix86+x86_64 | 0.1.3-4 | 4.00 | 32.00 | 36.00 | NOTE | |
r-oldrel-macos-x86_64 | 0.1.3-4 | NOTE | ||||
r-oldrel-windows-ix86+x86_64 | 0.1.3-4 | 5.00 | 47.00 | 52.00 | NOTE |
Version: 0.1.3-4
Check: DESCRIPTION meta-information
Result: NOTE
Malformed Title field: should not end in a period.
Flavors: r-devel-linux-x86_64-debian-clang, r-devel-linux-x86_64-debian-gcc, r-devel-linux-x86_64-fedora-clang, r-devel-linux-x86_64-fedora-gcc, r-devel-windows-ix86+x86_64, r-patched-linux-x86_64, r-patched-solaris-x86, r-release-linux-x86_64, r-release-macos-x86_64, r-release-windows-ix86+x86_64, r-oldrel-macos-x86_64, r-oldrel-windows-ix86+x86_64
Version: 0.1.3-4
Check: top-level files
Result: NOTE
Non-standard file/directory found at top level:
'dirmult.pdf'
Flavors: r-devel-linux-x86_64-debian-clang, r-devel-linux-x86_64-debian-gcc, r-devel-linux-x86_64-fedora-clang, r-devel-linux-x86_64-fedora-gcc, r-patched-linux-x86_64, r-release-linux-x86_64
Version: 0.1.3-4
Check: R code for possible problems
Result: NOTE
nullTest: no visible global function definition for 'rmultinom'
rdirichlet: no visible global function definition for 'rgamma'
simPop: no visible global function definition for 'rnorm'
simPop: no visible global function definition for 'rmultinom'
Undefined global functions or variables:
rgamma rmultinom rnorm
Consider adding
importFrom("stats", "rgamma", "rmultinom", "rnorm")
to your NAMESPACE file.
Flavors: r-devel-linux-x86_64-debian-clang, r-devel-linux-x86_64-debian-gcc, r-devel-linux-x86_64-fedora-clang, r-devel-linux-x86_64-fedora-gcc, r-devel-windows-ix86+x86_64, r-patched-linux-x86_64, r-patched-solaris-x86, r-release-linux-x86_64, r-release-macos-x86_64, r-release-windows-ix86+x86_64, r-oldrel-macos-x86_64, r-oldrel-windows-ix86+x86_64