Last updated on 2022-05-20 01:51:03 CEST.
Flavor | Version | Tinstall | Tcheck | Ttotal | Status | Flags |
---|---|---|---|---|---|---|
r-devel-linux-x86_64-debian-clang | 0.1.3 | 96.40 | 165.41 | 261.81 | NOTE | |
r-devel-linux-x86_64-debian-gcc | 0.1.3 | 82.05 | 121.98 | 204.03 | NOTE | |
r-devel-linux-x86_64-fedora-clang | 0.1.3 | 598.53 | NOTE | |||
r-devel-linux-x86_64-fedora-gcc | 0.1.3 | 570.90 | NOTE | |||
r-devel-windows-x86_64 | 0.1.3 | 134.00 | 305.00 | 439.00 | NOTE | |
r-patched-linux-x86_64 | 0.1.3 | 84.28 | 153.16 | 237.44 | NOTE | |
r-release-linux-x86_64 | 0.1.3 | 84.59 | 157.75 | 242.34 | NOTE | |
r-release-macos-arm64 | 0.1.3 | 126.00 | NOTE | |||
r-release-macos-x86_64 | 0.1.3 | 242.00 | NOTE | |||
r-release-windows-x86_64 | 0.1.3 | 129.00 | 315.00 | 444.00 | NOTE | |
r-oldrel-macos-arm64 | 0.1.3 | 130.00 | NOTE | |||
r-oldrel-macos-x86_64 | 0.1.3 | 191.00 | NOTE | |||
r-oldrel-windows-ix86+x86_64 | 0.1.3 | 176.00 | 396.00 | 572.00 | NOTE |
Version: 0.1.3
Check: package dependencies
Result: NOTE
Package suggested but not available for checking: 'INLA'
Flavors: r-devel-linux-x86_64-debian-clang, r-devel-linux-x86_64-debian-gcc, r-devel-windows-x86_64, r-patched-linux-x86_64, r-release-linux-x86_64, r-release-macos-arm64, r-release-macos-x86_64, r-release-windows-x86_64, r-oldrel-macos-arm64, r-oldrel-macos-x86_64
Version: 0.1.3
Check: LazyData
Result: NOTE
'LazyData' is specified without a 'data' directory
Flavors: r-devel-linux-x86_64-debian-clang, r-devel-linux-x86_64-debian-gcc, r-devel-linux-x86_64-fedora-clang, r-devel-linux-x86_64-fedora-gcc, r-devel-windows-x86_64, r-patched-linux-x86_64, r-release-linux-x86_64, r-release-macos-arm64, r-release-macos-x86_64, r-release-windows-x86_64, r-oldrel-macos-arm64, r-oldrel-macos-x86_64, r-oldrel-windows-ix86+x86_64
Version: 0.1.3
Check: installed package size
Result: NOTE
installed size is 17.1Mb
sub-directories of 1Mb or more:
libs 16.8Mb
Flavors: r-devel-linux-x86_64-fedora-clang, r-devel-windows-x86_64, r-release-macos-arm64, r-release-macos-x86_64, r-release-windows-x86_64, r-oldrel-macos-arm64, r-oldrel-macos-x86_64, r-oldrel-windows-ix86+x86_64
Version: 0.1.3
Check: dependencies in R code
Result: NOTE
Namespaces in Imports field not imported from:
‘rgdal’ ‘rgeos’ ‘splancs’ ‘utils’
All declared Imports should be used.
Flavors: r-devel-linux-x86_64-fedora-clang, r-devel-linux-x86_64-fedora-gcc, r-release-macos-arm64, r-release-macos-x86_64, r-oldrel-macos-arm64, r-oldrel-macos-x86_64