CRAN Package Check Results for Package discretecdAlgorithm

Last updated on 2019-12-15 01:50:22 CET.

Flavor Version Tinstall Tcheck Ttotal Status Flags
r-devel-linux-x86_64-debian-clang 0.0.5 71.52 39.09 110.61 ERROR
r-devel-linux-x86_64-debian-gcc 0.0.5 42.71 30.91 73.62 ERROR
r-devel-linux-x86_64-fedora-clang 0.0.5 149.47 NOTE
r-devel-linux-x86_64-fedora-gcc 0.0.5 130.33 OK
r-devel-windows-ix86+x86_64 0.0.5 101.00 124.00 225.00 OK
r-devel-windows-ix86+x86_64-gcc8 0.0.5 112.00 111.00 223.00 OK
r-patched-linux-x86_64 0.0.5 48.90 36.19 85.09 OK
r-patched-solaris-x86 0.0.5 120.20 OK
r-release-linux-x86_64 0.0.5 49.21 36.87 86.08 OK
r-release-windows-ix86+x86_64 0.0.5 100.00 79.00 179.00 OK
r-release-osx-x86_64 0.0.5 NOTE
r-oldrel-windows-ix86+x86_64 0.0.5 96.00 75.00 171.00 OK
r-oldrel-osx-x86_64 0.0.5 NOTE

Check Details

Version: 0.0.5
Check: tests
Result: ERROR
     Running 'testthat.R' [10s/11s]
    Running the tests in 'tests/testthat.R' failed.
    Complete output:
     > library(testthat)
     > library(discretecdAlgorithm)
     >
     > test_check("discretecdAlgorithm")
     -- 1. Failure: Check output (@test-CD_path.R#267) -----------------------------
     class(fit[[1]]) not equal to "matrix".
     Lengths differ: 2 is not 1
    
     -- 2. Failure: Check output (@test-CD_path.R#269) -----------------------------
     class(fit[[3]]) not equal to "matrix".
     Lengths differ: 2 is not 1
    
     -- 3. Failure: Check output (@test-data_gen.R#49) -----------------------------
     class(generated_data) not equal to "matrix".
     Lengths differ: 2 is not 1
    
     -- 4. Failure: Check output (@test-generate_discrete_data.R#42) ---------------
     class(generated_data) not equal to "matrix".
     Lengths differ: 2 is not 1
    
     == testthat results ===========================================================
     [ OK: 554 | SKIPPED: 0 | WARNINGS: 0 | FAILED: 4 ]
     1. Failure: Check output (@test-CD_path.R#267)
     2. Failure: Check output (@test-CD_path.R#269)
     3. Failure: Check output (@test-data_gen.R#49)
     4. Failure: Check output (@test-generate_discrete_data.R#42)
    
     Error: testthat unit tests failed
     Execution halted
Flavor: r-devel-linux-x86_64-debian-clang

Version: 0.0.5
Check: tests
Result: ERROR
     Running ‘testthat.R’ [8s/10s]
    Running the tests in ‘tests/testthat.R’ failed.
    Complete output:
     > library(testthat)
     > library(discretecdAlgorithm)
     >
     > test_check("discretecdAlgorithm")
     ── 1. Failure: Check output (@test-CD_path.R#267) ─────────────────────────────
     class(fit[[1]]) not equal to "matrix".
     Lengths differ: 2 is not 1
    
     ── 2. Failure: Check output (@test-CD_path.R#269) ─────────────────────────────
     class(fit[[3]]) not equal to "matrix".
     Lengths differ: 2 is not 1
    
     ── 3. Failure: Check output (@test-data_gen.R#49) ─────────────────────────────
     class(generated_data) not equal to "matrix".
     Lengths differ: 2 is not 1
    
     ── 4. Failure: Check output (@test-generate_discrete_data.R#42) ───────────────
     class(generated_data) not equal to "matrix".
     Lengths differ: 2 is not 1
    
     ══ testthat results ═══════════════════════════════════════════════════════════
     [ OK: 554 | SKIPPED: 0 | WARNINGS: 0 | FAILED: 4 ]
     1. Failure: Check output (@test-CD_path.R#267)
     2. Failure: Check output (@test-CD_path.R#269)
     3. Failure: Check output (@test-data_gen.R#49)
     4. Failure: Check output (@test-generate_discrete_data.R#42)
    
     Error: testthat unit tests failed
     Execution halted
Flavor: r-devel-linux-x86_64-debian-gcc

Version: 0.0.5
Check: installed package size
Result: NOTE
     installed size is 9.8Mb
     sub-directories of 1Mb or more:
     libs 9.7Mb
Flavors: r-devel-linux-x86_64-fedora-clang, r-release-osx-x86_64, r-oldrel-osx-x86_64