Last updated on 2023-03-25 07:02:17 CET.
Flavor | Version | Tinstall | Tcheck | Ttotal | Status | Flags |
---|---|---|---|---|---|---|
r-devel-linux-x86_64-debian-clang | 0.0.7 | 78.64 | 45.62 | 124.26 | NOTE | |
r-devel-linux-x86_64-debian-gcc | 0.0.7 | 49.52 | 35.70 | 85.22 | NOTE | |
r-devel-linux-x86_64-fedora-clang | 0.0.7 | 163.71 | NOTE | |||
r-devel-linux-x86_64-fedora-gcc | 0.0.7 | 143.42 | NOTE | |||
r-patched-linux-x86_64 | 0.0.7 | 54.74 | 45.56 | 100.30 | NOTE | |
r-release-linux-x86_64 | 0.0.7 | 57.14 | 45.53 | 102.67 | NOTE | |
r-release-macos-arm64 | 0.0.7 | 43.00 | NOTE | |||
r-release-macos-x86_64 | 0.0.7 | 61.00 | NOTE | |||
r-release-windows-x86_64 | 0.0.7 | 120.00 | 98.00 | 218.00 | NOTE | |
r-oldrel-macos-arm64 | 0.0.7 | 50.00 | NOTE | |||
r-oldrel-macos-x86_64 | 0.0.7 | 94.00 | NOTE | |||
r-oldrel-windows-ix86+x86_64 | 0.0.7 | 142.00 | 112.00 | 254.00 | NOTE |
Version: 0.0.7
Check: C++ specification
Result: NOTE
Specified C++11: please drop specification unless essential
Flavors: r-devel-linux-x86_64-debian-clang, r-devel-linux-x86_64-debian-gcc, r-devel-linux-x86_64-fedora-clang, r-devel-linux-x86_64-fedora-gcc
Version: 0.0.7
Check: LazyData
Result: NOTE
'LazyData' is specified without a 'data' directory
Flavors: r-devel-linux-x86_64-debian-clang, r-devel-linux-x86_64-debian-gcc, r-devel-linux-x86_64-fedora-clang, r-devel-linux-x86_64-fedora-gcc, r-patched-linux-x86_64, r-release-linux-x86_64, r-release-macos-arm64, r-release-macos-x86_64, r-release-windows-x86_64, r-oldrel-macos-arm64, r-oldrel-macos-x86_64, r-oldrel-windows-ix86+x86_64
Version: 0.0.7
Check: installed package size
Result: NOTE
installed size is 9.9Mb
sub-directories of 1Mb or more:
libs 9.8Mb
Flavors: r-release-macos-arm64, r-release-macos-x86_64, r-oldrel-macos-arm64, r-oldrel-macos-x86_64