CRAN Package Check Results for Package discretecdAlgorithm

Last updated on 2020-07-15 01:48:22 CEST.

Flavor Version Tinstall Tcheck Ttotal Status Flags
r-devel-linux-x86_64-debian-clang 0.0.7 74.02 40.37 114.39 OK
r-devel-linux-x86_64-debian-gcc 0.0.7 50.58 31.41 81.99 OK
r-devel-linux-x86_64-fedora-clang 0.0.7 168.82 NOTE
r-devel-linux-x86_64-fedora-gcc 0.0.7 141.42 OK
r-devel-windows-ix86+x86_64 0.0.7 147.00 107.00 254.00 OK
r-patched-linux-x86_64 0.0.7 52.36 40.20 92.56 OK
r-patched-solaris-x86 0.0.7 125.80 OK
r-release-linux-x86_64 0.0.7 53.70 39.98 93.68 OK
r-release-macos-x86_64 0.0.7 ERROR
r-release-windows-ix86+x86_64 0.0.7 144.00 85.00 229.00 OK
r-oldrel-macos-x86_64 0.0.7 NOTE
r-oldrel-windows-ix86+x86_64 0.0.7 127.00 110.00 237.00 OK

Check Details

Version: 0.0.7
Check: installed package size
Result: NOTE
     installed size is 10.3Mb
     sub-directories of 1Mb or more:
     libs 10.2Mb
Flavors: r-devel-linux-x86_64-fedora-clang, r-oldrel-macos-x86_64

Version: 0.0.7
Check: whether package can be installed
Result: ERROR
    Installation failed.
Flavor: r-release-macos-x86_64