CRAN Package Check Results for Package discrim

Last updated on 2021-08-03 01:50:25 CEST.

Flavor Version Tinstall Tcheck Ttotal Status Flags
r-devel-linux-x86_64-debian-clang 0.1.3 7.99 119.70 127.69 OK
r-devel-linux-x86_64-debian-gcc 0.1.3 6.11 89.59 95.70 OK
r-devel-linux-x86_64-fedora-clang 0.1.3 156.68 NOTE
r-devel-linux-x86_64-fedora-gcc 0.1.3 145.27 NOTE
r-devel-windows-x86_64 0.1.3 11.00 144.00 155.00 OK
r-devel-windows-x86_64-gcc10-UCRT 0.1.3 NOTE
r-patched-linux-x86_64 0.1.3 OK
r-patched-solaris-x86 0.1.3 165.80 NOTE
r-release-linux-x86_64 0.1.3 6.87 111.32 118.19 OK
r-release-macos-arm64 0.1.3 NOTE
r-release-macos-x86_64 0.1.3 NOTE
r-release-windows-ix86+x86_64 0.1.3 18.00 109.00 127.00 OK
r-oldrel-macos-x86_64 0.1.3 NOTE
r-oldrel-windows-ix86+x86_64 0.1.3 15.00 108.00 123.00 OK

Check Details

Version: 0.1.3
Check: dependencies in R code
Result: NOTE
    Namespace in Imports field not imported from: ‘utils’
     All declared Imports should be used.
Flavors: r-devel-linux-x86_64-fedora-clang, r-devel-linux-x86_64-fedora-gcc, r-devel-windows-x86_64-gcc10-UCRT, r-patched-solaris-x86, r-release-macos-arm64, r-release-macos-x86_64, r-oldrel-macos-x86_64