CRAN Package Check Results for Package diseq

Last updated on 2021-08-03 01:50:25 CEST.

Flavor Version Tinstall Tcheck Ttotal Status Flags
r-devel-linux-x86_64-debian-clang 0.3.1 85.50 255.60 341.10 OK
r-devel-linux-x86_64-debian-gcc 0.3.1 67.06 188.83 255.89 OK
r-devel-linux-x86_64-fedora-clang 0.3.1 409.24 OK
r-devel-linux-x86_64-fedora-gcc 0.3.1 404.48 OK
r-devel-windows-x86_64 0.3.1 125.00 303.00 428.00 OK
r-devel-windows-x86_64-gcc10-UCRT 0.3.1 OK
r-patched-linux-x86_64 0.3.1 OK
r-patched-solaris-x86 0.3.1 542.10 OK
r-release-linux-x86_64 0.3.1 83.96 247.16 331.12 OK
r-release-macos-arm64 0.3.1 WARN
r-release-macos-x86_64 0.3.1 NOTE
r-release-windows-ix86+x86_64 0.3.1 155.00 367.00 522.00 OK
r-oldrel-macos-x86_64 0.3.1 NOTE
r-oldrel-windows-ix86+x86_64 0.3.1 123.00 406.00 529.00 OK

Check Details

Version: 0.3.1
Check: installed package size
Result: NOTE
     installed size is 6.2Mb
     sub-directories of 1Mb or more:
     libs 3.9Mb
Flavors: r-release-macos-arm64, r-release-macos-x86_64, r-oldrel-macos-x86_64

Version: 0.3.1
Check: re-building of vignette outputs
Result: WARN
    Error(s) in re-building vignettes:
     ...
    --- re-building ‘basic_usage.Rmd’ using rmarkdown
    Warning in engine$weave(file, quiet = quiet, encoding = enc) :
     Pandoc (>= 1.12.3) not available. Falling back to R Markdown v1.
    Quitting from lines 292-311 (basic_usage.Rmd)
    Error: processing vignette 'basic_usage.Rmd' failed with diagnostics:
    polygon edge not found
    --- failed re-building ‘basic_usage.Rmd’
    
    --- re-building ‘market_clearing_assessment.Rmd’ using rmarkdown
    Warning in engine$weave(file, quiet = quiet, encoding = enc) :
     Pandoc (>= 1.12.3) not available. Falling back to R Markdown v1.
    --- finished re-building ‘market_clearing_assessment.Rmd’
    
    --- re-building ‘package.Rmd’ using rmarkdown
    Warning in engine$weave(file, quiet = quiet, encoding = enc) :
     Pandoc (>= 1.12.3) not available. Falling back to R Markdown v1.
    --- finished re-building ‘package.Rmd’
    
    SUMMARY: processing the following file failed:
     ‘basic_usage.Rmd’
    
    Error: Vignette re-building failed.
    Execution halted
Flavor: r-release-macos-arm64