CRAN Package Check Results for Package disk.frame

Last updated on 2020-06-07 01:48:11 CEST.

Flavor Version Tinstall Tcheck Ttotal Status Flags
r-devel-linux-x86_64-debian-clang 0.3.5 30.35 107.51 137.86 ERROR
r-devel-linux-x86_64-debian-gcc 0.3.5 23.57 79.39 102.96 ERROR
r-devel-linux-x86_64-fedora-clang 0.3.5 171.72 ERROR
r-devel-linux-x86_64-fedora-gcc 0.3.5 156.09 ERROR
r-devel-windows-ix86+x86_64 0.3.5 93.00 225.00 318.00 ERROR
r-patched-linux-x86_64 0.3.5 26.22 103.34 129.56 ERROR
r-patched-solaris-x86 0.3.5 210.40 ERROR
r-release-linux-x86_64 0.3.5 25.19 104.19 129.38 ERROR
r-release-osx-x86_64 0.3.5 OK
r-release-windows-ix86+x86_64 0.3.5 84.00 225.00 309.00 ERROR
r-oldrel-osx-x86_64 0.3.5 OK
r-oldrel-windows-ix86+x86_64 0.3.5 83.00 240.00 323.00 ERROR

Check Details

Version: 0.3.5
Check: S3 generic/method consistency
Result: WARN
    pull:
     function(.data, var, name, ...)
    pull.disk.frame:
     function(.data, var)
    
    See section 'Generic functions and methods' in the 'Writing R
    Extensions' manual.
Flavors: r-devel-linux-x86_64-debian-clang, r-devel-linux-x86_64-debian-gcc, r-devel-linux-x86_64-fedora-clang, r-devel-linux-x86_64-fedora-gcc, r-devel-windows-ix86+x86_64, r-patched-linux-x86_64, r-patched-solaris-x86, r-release-linux-x86_64, r-release-windows-ix86+x86_64, r-oldrel-windows-ix86+x86_64

Version: 0.3.5
Check: examples
Result: ERROR
    Running examples in 'disk.frame-Ex.R' failed
    The error most likely occurred in:
    
    > base::assign(".ptime", proc.time(), pos = "CheckExEnv")
    > ### Name: hard_arrange
    > ### Title: Perform a hard arrange
    > ### Aliases: hard_arrange hard_arrange.data.frame hard_arrange.disk.frame
    >
    > ### ** Examples
    >
    > iris.df = as.disk.frame(iris, nchunks = 2)
    >
    > # arrange iris.df by specifies and ensure rows with the same specifies are in the same chunk
    > iris_hard.df = hard_arrange(iris.df, Species)
    Error in `[.data.table`(split_values, , name) :
     j (the 2nd argument inside [...]) is a single symbol but column name 'name' is not found. Perhaps you intended DT[, ..name]. This difference to data.frame is deliberate and explained in FAQ 1.1.
    Calls: hard_arrange ... resolve.list -> signalConditionsASAP -> signalConditions
    Execution halted
Flavors: r-devel-linux-x86_64-debian-clang, r-devel-linux-x86_64-debian-gcc, r-patched-linux-x86_64, r-release-linux-x86_64

Version: 0.3.5
Check: examples
Result: ERROR
    Running examples in ‘disk.frame-Ex.R’ failed
    The error most likely occurred in:
    
    > ### Name: hard_arrange
    > ### Title: Perform a hard arrange
    > ### Aliases: hard_arrange hard_arrange.data.frame hard_arrange.disk.frame
    >
    > ### ** Examples
    >
    > iris.df = as.disk.frame(iris, nchunks = 2)
    >
    > # arrange iris.df by specifies and ensure rows with the same specifies are in the same chunk
    > iris_hard.df = hard_arrange(iris.df, Species)
    Error in `[.data.table`(split_values, , name) :
     j (the 2nd argument inside [...]) is a single symbol but column name 'name' is not found. Perhaps you intended DT[, ..name]. This difference to data.frame is deliberate and explained in FAQ 1.1.
    Calls: hard_arrange ... resolve.list -> signalConditionsASAP -> signalConditions
    Execution halted
Flavors: r-devel-linux-x86_64-fedora-clang, r-devel-linux-x86_64-fedora-gcc, r-patched-solaris-x86

Version: 0.3.5
Check: running examples for arch ‘i386’
Result: ERROR
    Running examples in 'disk.frame-Ex.R' failed
    The error most likely occurred in:
    
    > ### Name: hard_arrange
    > ### Title: Perform a hard arrange
    > ### Aliases: hard_arrange hard_arrange.data.frame hard_arrange.disk.frame
    >
    > ### ** Examples
    >
    > iris.df = as.disk.frame(iris, nchunks = 2)
    >
    > # arrange iris.df by specifies and ensure rows with the same specifies are in the same chunk
    > iris_hard.df = hard_arrange(iris.df, Species)
    Error in `[.data.table`(split_values, , name) :
     j (the 2nd argument inside [...]) is a single symbol but column name 'name' is not found. Perhaps you intended DT[, ..name]. This difference to data.frame is deliberate and explained in FAQ 1.1.
    Calls: hard_arrange ... resolve.list -> signalConditionsASAP -> signalConditions
    Execution halted
Flavors: r-devel-windows-ix86+x86_64, r-release-windows-ix86+x86_64, r-oldrel-windows-ix86+x86_64

Version: 0.3.5
Check: running examples for arch ‘x64’
Result: ERROR
    Running examples in 'disk.frame-Ex.R' failed
    The error most likely occurred in:
    
    > ### Name: hard_arrange
    > ### Title: Perform a hard arrange
    > ### Aliases: hard_arrange hard_arrange.data.frame hard_arrange.disk.frame
    >
    > ### ** Examples
    >
    > iris.df = as.disk.frame(iris, nchunks = 2)
    >
    > # arrange iris.df by specifies and ensure rows with the same specifies are in the same chunk
    > iris_hard.df = hard_arrange(iris.df, Species)
    Error in `[.data.table`(split_values, , name) :
     j (the 2nd argument inside [...]) is a single symbol but column name 'name' is not found. Perhaps you intended DT[, ..name]. This difference to data.frame is deliberate and explained in FAQ 1.1.
    Calls: hard_arrange ... resolve.list -> signalConditionsASAP -> signalConditions
    Execution halted
Flavors: r-devel-windows-ix86+x86_64, r-release-windows-ix86+x86_64, r-oldrel-windows-ix86+x86_64