Last updated on 2021-04-20 01:47:02 CEST.
Flavor | Version | Tinstall | Tcheck | Ttotal | Status | Flags |
---|---|---|---|---|---|---|
r-devel-linux-x86_64-debian-clang | 1.3-3 | 38.51 | 150.14 | 188.65 | OK | --no-vignettes |
r-devel-linux-x86_64-debian-gcc | 1.3-3 | 24.73 | 115.18 | 139.91 | OK | --no-vignettes |
r-devel-linux-x86_64-fedora-clang | 1.3-3 | 246.54 | NOTE | |||
r-devel-linux-x86_64-fedora-gcc | 1.3-3 | 232.66 | NOTE | |||
r-devel-windows-ix86+x86_64 | 1.3-3 | 79.00 | 182.00 | 261.00 | OK | --no-vignettes |
r-devel-windows-x86_64-gcc10-UCRT | 1.3-3 | NOTE | ||||
r-patched-linux-x86_64 | 1.3-3 | 28.59 | 141.25 | 169.84 | OK | --no-vignettes |
r-patched-solaris-x86 | 1.3-3 | 289.20 | NOTE | |||
r-release-linux-x86_64 | 1.3-3 | 27.82 | 140.35 | 168.17 | OK | --no-vignettes |
r-release-macos-x86_64 | 1.3-3 | NOTE | ||||
r-release-windows-ix86+x86_64 | 1.3-3 | 79.00 | 271.00 | 350.00 | OK | --no-vignettes |
r-oldrel-macos-x86_64 | 1.3-3 | WARN | ||||
r-oldrel-windows-ix86+x86_64 | 1.3-3 | 49.00 | 230.00 | 279.00 | WARN | --no-vignettes |
Version: 1.3-3
Check: data for non-ASCII characters
Result: NOTE
Note: found 106 marked UTF-8 strings
Flavors: r-devel-linux-x86_64-fedora-clang, r-devel-linux-x86_64-fedora-gcc, r-devel-windows-x86_64-gcc10-UCRT, r-patched-solaris-x86, r-release-macos-x86_64, r-oldrel-macos-x86_64
Version: 1.3-3
Check: Rd cross-references
Result: WARN
Missing link or links in documentation object 'plot.Rd':
‘[base]{plot}’
Missing link or links in documentation object 'plotEval.Rd':
‘[base]{plot}’
See section 'Cross-references' in the 'Writing R Extensions' manual.
Flavor: r-oldrel-macos-x86_64
Version: 1.3-3
Flags: --no-vignettes
Check: Rd cross-references
Result: WARN
Missing link or links in documentation object 'plot.Rd':
'[base]{plot}'
Missing link or links in documentation object 'plotEval.Rd':
'[base]{plot}'
See section 'Cross-references' in the 'Writing R Extensions' manual.
Flavor: r-oldrel-windows-ix86+x86_64