CRAN Package Check Results for Package disordR

Last updated on 2024-06-13 06:57:59 CEST.

Flavor Version Tinstall Tcheck Ttotal Status Flags
r-devel-linux-x86_64-debian-clang 0.9-8.2 11.75 101.94 113.69 OK
r-devel-linux-x86_64-debian-gcc 0.9-8.2 8.62 67.76 76.38 ERROR
r-devel-linux-x86_64-fedora-clang 0.9-8.2 141.84 OK
r-devel-linux-x86_64-fedora-gcc 0.9-8.2 148.19 OK
r-devel-windows-x86_64 0.9-8.2 11.00 98.00 109.00 OK
r-patched-linux-x86_64 0.9-8.2 14.13 95.63 109.76 OK
r-release-linux-x86_64 0.9-8.2 13.59 96.06 109.65 OK
r-release-macos-arm64 0.9-8.2 50.00 OK
r-release-macos-x86_64 0.9-8.2 78.00 OK
r-release-windows-x86_64 0.9-8.2 11.00 100.00 111.00 OK
r-oldrel-macos-arm64 0.9-8.2 55.00 OK
r-oldrel-macos-x86_64 0.9-8.2 124.00 OK
r-oldrel-windows-x86_64 0.9-8.2 13.00 111.00 124.00 OK

Check Details

Version: 0.9-8.2
Check: package dependencies
Result: NOTE Packages suggested but not available for checking: 'mvp', 'testthat' Flavor: r-devel-linux-x86_64-debian-gcc

Version: 0.9-8.2
Check: tests
Result: ERROR Running ‘testthat.R’ [0s/1s] Running the tests in ‘tests/testthat.R’ failed. Complete output: > library("testthat") Error in library("testthat") : there is no package called 'testthat' Execution halted Flavor: r-devel-linux-x86_64-debian-gcc

Version: 0.9-8.2
Check: re-building of vignette outputs
Result: ERROR Error(s) in re-building vignettes: ... --- re-building ‘disindex.Rmd’ using rmarkdown --- finished re-building ‘disindex.Rmd’ --- re-building ‘disordR.Rmd’ using rmarkdown Quitting from lines 172-175 [unnamed-chunk-2] (disordR.Rmd) Error: processing vignette 'disordR.Rmd' failed with diagnostics: there is no package called 'mvp' --- failed re-building ‘disordR.Rmd’ SUMMARY: processing the following file failed: ‘disordR.Rmd’ Error: Vignette re-building failed. Execution halted Flavor: r-devel-linux-x86_64-debian-gcc