CRAN Package Check Results for Package dispositionEffect

Last updated on 2023-01-28 01:50:07 CET.

Flavor Version Tinstall Tcheck Ttotal Status Flags
r-devel-linux-x86_64-debian-clang 1.0.1 4.92 179.87 184.79 OK
r-devel-linux-x86_64-debian-gcc 1.0.1 4.66 129.58 134.24 OK
r-devel-linux-x86_64-fedora-clang 1.0.1 232.45 OK
r-devel-linux-x86_64-fedora-gcc 1.0.1 244.04 OK
r-devel-windows-x86_64 1.0.1 120.00 213.00 333.00 OK
r-patched-linux-x86_64 1.0.1 5.99 168.56 174.55 OK
r-release-linux-x86_64 1.0.1 4.27 164.94 169.21 OK
r-release-macos-arm64 1.0.1 61.00 ERROR
r-release-macos-x86_64 1.0.1 86.00 ERROR
r-release-windows-x86_64 1.0.1 81.00 233.00 314.00 OK
r-oldrel-macos-arm64 1.0.1 63.00 ERROR
r-oldrel-macos-x86_64 1.0.1 89.00 ERROR
r-oldrel-windows-ix86+x86_64 1.0.1 12.00 227.00 239.00 OK

Check Details

Version: 1.0.1
Check: tests
Result: ERROR
     Running ‘testthat.R’ [4s/4s]
    Running the tests in ‘tests/testthat.R’ failed.
    Last 13 lines of output:
     realized_duration(...) not equal to c(...).
     1/4 mismatches
     [1] 29 - 28 == 1
     ── Failure ('test-realized_duration.R:158'): realized_duration works (realized_only = TRUE) ──
     realized_duration(...) not equal to c(...).
     1/4 mismatches
     [2] 29 - 28 == 1
     ── Failure ('test-realized_duration.R:161'): realized_duration works (realized_only = TRUE) ──
     realized_duration(...) not equal to c(...).
     1/4 mismatches
     [1] 29 - 28 == 1
    
     [ FAIL 36 | WARN 0 | SKIP 0 | PASS 331 ]
     Error: Test failures
     Execution halted
Flavors: r-release-macos-arm64, r-oldrel-macos-arm64

Version: 1.0.1
Check: tests
Result: ERROR
     Running ‘testthat.R’ [6s/6s]
    Running the tests in ‘tests/testthat.R’ failed.
    Last 13 lines of output:
     realized_duration(...) not equal to c(...).
     1/4 mismatches
     [1] 31 - 28 == 3
     ── Failure ('test-realized_duration.R:158'): realized_duration works (realized_only = TRUE) ──
     realized_duration(...) not equal to c(...).
     1/4 mismatches
     [2] 31 - 28 == 3
     ── Failure ('test-realized_duration.R:161'): realized_duration works (realized_only = TRUE) ──
     realized_duration(...) not equal to c(...).
     1/4 mismatches
     [1] 31 - 28 == 3
    
     [ FAIL 36 | WARN 0 | SKIP 0 | PASS 331 ]
     Error: Test failures
     Execution halted
Flavors: r-release-macos-x86_64, r-oldrel-macos-x86_64