CRAN Package Check Results for Package distTails

Last updated on 2024-07-18 06:57:22 CEST.

Flavor Version Tinstall Tcheck Ttotal Status Flags
r-devel-linux-x86_64-debian-clang 0.1.2 2.46 23.14 25.60 NOTE
r-devel-linux-x86_64-debian-gcc 0.1.2 1.62 17.59 19.21 NOTE
r-devel-linux-x86_64-fedora-clang 0.1.2 32.05 NOTE
r-devel-linux-x86_64-fedora-gcc 0.1.2 30.43 NOTE
r-devel-windows-x86_64 0.1.2 3.00 41.00 44.00 NOTE
r-patched-linux-x86_64 0.1.2 2.60 22.18 24.78 NOTE
r-release-linux-x86_64 0.1.2 2.23 21.72 23.95 NOTE
r-release-macos-arm64 0.1.2 15.00 NOTE
r-release-macos-x86_64 0.1.2 20.00 NOTE
r-release-windows-x86_64 0.1.2 3.00 42.00 45.00 NOTE
r-oldrel-macos-arm64 0.1.2 17.00 NOTE
r-oldrel-macos-x86_64 0.1.2 19.00 NOTE
r-oldrel-windows-x86_64 0.1.2 3.00 40.00 43.00 NOTE

Check Details

Version: 0.1.2
Check: LazyData
Result: NOTE 'LazyData' is specified without a 'data' directory Flavors: r-devel-linux-x86_64-debian-clang, r-devel-linux-x86_64-debian-gcc, r-devel-linux-x86_64-fedora-clang, r-devel-linux-x86_64-fedora-gcc, r-devel-windows-x86_64, r-patched-linux-x86_64, r-release-linux-x86_64, r-release-macos-arm64, r-release-macos-x86_64, r-release-windows-x86_64, r-oldrel-macos-arm64, r-oldrel-macos-x86_64, r-oldrel-windows-x86_64