CRAN Package Check Results for Package disto

Last updated on 2020-09-22 02:17:18 CEST.

Flavor Version Tinstall Tcheck Ttotal Status Flags
r-devel-linux-x86_64-debian-clang 0.2.0 2.95 37.22 40.17 OK
r-devel-linux-x86_64-debian-gcc 0.2.0 2.45 29.12 31.57 OK
r-devel-linux-x86_64-fedora-clang 0.2.0 57.18 NOTE
r-devel-linux-x86_64-fedora-gcc 0.2.0 47.69 NOTE
r-devel-windows-ix86+x86_64 0.2.0 8.00 53.00 61.00 OK
r-patched-linux-x86_64 0.2.0 2.37 36.32 38.69 OK
r-patched-solaris-x86 0.2.0 65.60 NOTE
r-release-linux-x86_64 0.2.0 3.13 36.72 39.85 OK
r-release-macos-x86_64 0.2.0 NOTE
r-release-windows-ix86+x86_64 0.2.0 8.00 62.00 70.00 OK
r-oldrel-macos-x86_64 0.2.0 NOTE
r-oldrel-windows-ix86+x86_64 0.2.0 4.00 62.00 66.00 OK

Check Details

Version: 0.2.0
Check: dependencies in R code
Result: NOTE
    Namespaces in Imports field not imported from:
     ‘dplyr’ ‘proxy’
     All declared Imports should be used.
Flavors: r-devel-linux-x86_64-fedora-clang, r-devel-linux-x86_64-fedora-gcc, r-patched-solaris-x86, r-release-macos-x86_64, r-oldrel-macos-x86_64