CRAN Package Check Results for Package disto

Last updated on 2021-05-14 01:48:34 CEST.

Flavor Version Tinstall Tcheck Ttotal Status Flags
r-devel-linux-x86_64-debian-clang 0.2.0 2.91 39.94 42.85 OK
r-devel-linux-x86_64-debian-gcc 0.2.0 2.39 31.21 33.60 OK
r-devel-linux-x86_64-fedora-clang 0.2.0 62.24 NOTE
r-devel-linux-x86_64-fedora-gcc 0.2.0 52.85 NOTE
r-devel-windows-ix86+x86_64 0.2.0 8.00 53.00 61.00 OK
r-devel-windows-x86_64-gcc10-UCRT 0.2.0 NOTE
r-patched-linux-x86_64 0.2.0 2.78 38.90 41.68 OK
r-patched-solaris-x86 0.2.0 69.30 NOTE
r-release-linux-x86_64 0.2.0 2.92 39.42 42.34 OK
r-release-macos-x86_64 0.2.0 NOTE
r-release-windows-ix86+x86_64 0.2.0 6.00 68.00 74.00 OK
r-oldrel-macos-x86_64 0.2.0 NOTE
r-oldrel-windows-ix86+x86_64 0.2.0 5.00 64.00 69.00 OK

Check Details

Version: 0.2.0
Check: dependencies in R code
Result: NOTE
    Namespaces in Imports field not imported from:
     ‘dplyr’ ‘proxy’
     All declared Imports should be used.
Flavors: r-devel-linux-x86_64-fedora-clang, r-devel-linux-x86_64-fedora-gcc, r-devel-windows-x86_64-gcc10-UCRT, r-patched-solaris-x86, r-release-macos-x86_64, r-oldrel-macos-x86_64