CRAN Package Check Results for Package distr

Last updated on 2022-12-08 01:52:10 CET.

Flavor Version Tinstall Tcheck Ttotal Status Flags
r-devel-linux-x86_64-debian-clang 2.9.1 44.97 257.04 302.01 OK
r-devel-linux-x86_64-debian-gcc 2.9.1 29.65 186.33 215.98 OK
r-devel-linux-x86_64-fedora-clang 2.9.1 303.68 NOTE
r-devel-linux-x86_64-fedora-gcc 2.9.1 296.43 OK
r-devel-windows-x86_64 2.9.1 157.00 339.00 496.00 OK
r-patched-linux-x86_64 2.9.1 39.38 232.98 272.36 OK
r-release-linux-x86_64 2.9.1 32.76 238.16 270.92 OK
r-release-macos-arm64 2.9.1 94.00 OK
r-release-macos-x86_64 2.9.1 116.00 OK
r-release-windows-x86_64 2.9.1 178.00 336.00 514.00 OK
r-oldrel-macos-arm64 2.9.1 93.00 OK
r-oldrel-macos-x86_64 2.9.1 112.00 OK
r-oldrel-windows-ix86+x86_64 2.9.1 64.00 466.00 530.00 OK

Check Details

Version: 2.9.1
Check: Rd cross-references
Result: NOTE
    Undeclared package ‘RobAStBase’ in Rd xrefs
Flavor: r-devel-linux-x86_64-fedora-clang