CRAN Package Check Results for Package distr6

Last updated on 2022-06-25 01:48:58 CEST.

Flavor Version Tinstall Tcheck Ttotal Status Flags
r-devel-linux-x86_64-debian-clang 1.6.9 133.30 441.73 575.03 OK
r-devel-linux-x86_64-debian-gcc 1.6.9 120.17 314.93 435.10 OK
r-devel-linux-x86_64-fedora-clang 1.6.9 727.91 NOTE
r-devel-linux-x86_64-fedora-gcc 1.6.9 711.56 OK
r-devel-windows-x86_64 1.6.9 197.00 492.00 689.00 NOTE
r-patched-linux-x86_64 1.6.9 156.60 403.90 560.50 OK
r-release-linux-x86_64 1.6.9 138.14 402.28 540.42 OK
r-release-macos-arm64 1.6.9 168.00 NOTE
r-release-macos-x86_64 1.6.9 218.00 NOTE
r-release-windows-x86_64 1.6.9 241.00 496.00 737.00 NOTE
r-oldrel-macos-arm64 1.6.9 151.00 NOTE
r-oldrel-macos-x86_64 1.6.9 215.00 NOTE
r-oldrel-windows-ix86+x86_64 1.6.9 266.00 882.00 1148.00 NOTE

Check Details

Version: 1.6.9
Check: installed package size
Result: NOTE
     installed size is 6.8Mb
     sub-directories of 1Mb or more:
     R 3.7Mb
     help 1.2Mb
     libs 1.7Mb
Flavors: r-devel-linux-x86_64-fedora-clang, r-devel-windows-x86_64, r-release-macos-arm64, r-release-macos-x86_64, r-release-windows-x86_64, r-oldrel-macos-arm64, r-oldrel-macos-x86_64, r-oldrel-windows-ix86+x86_64

Version: 1.6.9
Check: package dependencies
Result: NOTE
    Package suggested but not available for checking: ‘R62S3’
Flavor: r-release-macos-x86_64