CRAN Package Check Results for Package distrEx

Last updated on 2021-10-23 03:28:40 CEST.

Flavor Version Tinstall Tcheck Ttotal Status Flags
r-devel-linux-x86_64-debian-clang 2.8.0 37.69 93.94 131.63 OK
r-devel-linux-x86_64-debian-gcc 2.8.0 28.25 69.99 98.24 OK
r-devel-linux-x86_64-fedora-clang 2.8.0 167.99 NOTE
r-devel-linux-x86_64-fedora-gcc 2.8.0 156.41 OK
r-devel-windows-x86_64 2.8.0 51.00 102.00 153.00 OK
r-devel-windows-x86_64-gcc10-UCRT 2.8.0 OK
r-patched-linux-x86_64 2.8.0 35.39 89.90 125.29 OK
r-patched-solaris-x86 2.8.0 210.80 OK
r-release-linux-x86_64 2.8.0 32.26 90.19 122.45 OK
r-release-macos-arm64 2.8.0 OK
r-release-macos-x86_64 2.8.0 OK
r-release-windows-ix86+x86_64 2.8.0 37.00 159.00 196.00 OK
r-oldrel-macos-x86_64 2.8.0 OK
r-oldrel-windows-ix86+x86_64 2.8.0 61.00 167.00 228.00 OK

Check Details

Version: 2.8.0
Check: Rd cross-references
Result: NOTE
    Undeclared package ‘robustbase’ in Rd xrefs
Flavor: r-devel-linux-x86_64-fedora-clang