CRAN Package Check Results for Package distrSim

Last updated on 2021-10-22 01:55:02 CEST.

Flavor Version Tinstall Tcheck Ttotal Status Flags
r-devel-linux-x86_64-debian-clang 2.8.0 20.10 57.16 77.26 NOTE
r-devel-linux-x86_64-debian-gcc 2.8.0 15.73 42.97 58.70 NOTE
r-devel-linux-x86_64-fedora-clang 2.8.0 106.34 NOTE
r-devel-linux-x86_64-fedora-gcc 2.8.0 93.12 NOTE
r-devel-windows-x86_64 2.8.0 31.00 82.00 113.00 OK
r-devel-windows-x86_64-gcc10-UCRT 2.8.0 OK
r-patched-linux-x86_64 2.8.0 19.82 53.64 73.46 NOTE
r-patched-solaris-x86 2.8.0 130.50 NOTE
r-release-linux-x86_64 2.8.0 17.08 54.00 71.08 NOTE
r-release-macos-arm64 2.8.0 OK
r-release-macos-x86_64 2.8.0 OK
r-release-windows-ix86+x86_64 2.8.0 25.00 81.00 106.00 OK
r-oldrel-macos-x86_64 2.8.0 OK
r-oldrel-windows-ix86+x86_64 2.8.0 37.00 84.00 121.00 OK

Check Details

Version: 2.8.0
Check: for non-standard things in the check directory
Result: NOTE
    Found the following files/directories:
     'csim' 'xyz' 'xyz.sav' 'xyz.sav.comment'
Flavors: r-devel-linux-x86_64-debian-clang, r-devel-linux-x86_64-debian-gcc, r-devel-linux-x86_64-fedora-clang, r-devel-linux-x86_64-fedora-gcc, r-patched-linux-x86_64, r-patched-solaris-x86, r-release-linux-x86_64

Version: 2.8.0
Check: Rd cross-references
Result: NOTE
    Undeclared package ‘distrTEst’ in Rd xrefs
Flavor: r-devel-linux-x86_64-fedora-clang