CRAN Package Check Results for Package distributions3

Last updated on 2024-07-25 07:56:03 CEST.

Flavor Version Tinstall Tcheck Ttotal Status Flags
r-devel-linux-x86_64-debian-clang 0.2.1 12.45 206.17 218.62 NOTE
r-devel-linux-x86_64-debian-gcc 0.2.1 10.35 151.27 161.62 NOTE
r-devel-linux-x86_64-fedora-clang 0.2.1 279.72 NOTE
r-devel-linux-x86_64-fedora-gcc 0.2.1 278.86 NOTE
r-devel-windows-x86_64 0.2.1 15.00 195.00 210.00 NOTE
r-patched-linux-x86_64 0.2.1 20.42 200.32 220.74 NOTE
r-release-linux-x86_64 0.2.1 13.20 193.94 207.14 NOTE
r-release-macos-arm64 0.2.1 80.00 NOTE
r-release-macos-x86_64 0.2.1 144.00 NOTE
r-release-windows-x86_64 0.2.1 13.00 202.00 215.00 NOTE
r-oldrel-macos-arm64 0.2.1 86.00 OK
r-oldrel-macos-x86_64 0.2.1 127.00 OK
r-oldrel-windows-x86_64 0.2.1 18.00 242.00 260.00 OK

Check Details

Version: 0.2.1
Check: Rd files
Result: NOTE checkRd: (-1) Exponential.Rd:31: Lost braces 31 | \strong{Support}: {x in [0, \eqn{\infty})} | ^ Flavors: r-devel-linux-x86_64-debian-clang, r-devel-linux-x86_64-debian-gcc, r-devel-linux-x86_64-fedora-clang, r-devel-linux-x86_64-fedora-gcc, r-devel-windows-x86_64, r-patched-linux-x86_64, r-release-linux-x86_64, r-release-macos-arm64, r-release-macos-x86_64, r-release-windows-x86_64