CRAN Package Check Results for Package div

Last updated on 2021-07-27 01:50:40 CEST.

Flavor Version Tinstall Tcheck Ttotal Status Flags
r-devel-linux-x86_64-debian-clang 0.3.1 0.59 2.53 3.12 ERROR
r-devel-linux-x86_64-debian-gcc 0.3.1 0.28 2.00 2.28 ERROR
r-devel-linux-x86_64-fedora-clang 0.3.1 124.53 NOTE
r-devel-linux-x86_64-fedora-gcc 0.3.1 113.30 NOTE
r-devel-windows-x86_64 0.3.1 18.00 108.00 126.00 OK
r-devel-windows-x86_64-gcc10-UCRT 0.3.1 NOTE
r-patched-linux-x86_64 0.3.1 9.89 79.62 89.51 OK
r-patched-solaris-x86 0.3.1 161.80 NOTE
r-release-linux-x86_64 0.3.1 9.34 80.70 90.04 OK
r-release-macos-arm64 0.3.1 NOTE
r-release-macos-x86_64 0.3.1 NOTE
r-release-windows-ix86+x86_64 0.3.1 25.00 79.00 104.00 OK
r-oldrel-macos-x86_64 0.3.1 NOTE
r-oldrel-windows-ix86+x86_64 0.3.1 30.00 122.00 152.00 OK

Check Details

Version: 0.3.1
Check: package dependencies
Result: ERROR
    Package required but not available: 'pryr'
    
    See section 'The DESCRIPTION file' in the 'Writing R Extensions'
    manual.
Flavors: r-devel-linux-x86_64-debian-clang, r-devel-linux-x86_64-debian-gcc

Version: 0.3.1
Check: dependencies in R code
Result: NOTE
    Namespaces in Imports field not imported from:
     ‘gridExtra’ ‘plotly’ ‘pryr’ ‘rpart’
     All declared Imports should be used.
Flavors: r-devel-linux-x86_64-fedora-clang, r-devel-linux-x86_64-fedora-gcc, r-devel-windows-x86_64-gcc10-UCRT, r-patched-solaris-x86, r-release-macos-arm64, r-release-macos-x86_64, r-oldrel-macos-x86_64