CRAN Package Check Results for Package diveRsity

Last updated on 2020-12-01 00:46:40 CET.

Flavor Version Tinstall Tcheck Ttotal Status Flags
r-devel-linux-x86_64-debian-clang 1.9.90 221.56 176.29 397.85 NOTE
r-devel-linux-x86_64-debian-gcc 1.9.90 175.30 134.14 309.44 NOTE
r-devel-linux-x86_64-fedora-clang 1.9.90 472.50 NOTE
r-devel-linux-x86_64-fedora-gcc 1.9.90 420.86 NOTE
r-devel-windows-ix86+x86_64 1.9.90 358.00 261.00 619.00 OK
r-patched-linux-x86_64 1.9.90 165.11 163.45 328.56 NOTE
r-patched-solaris-x86 1.9.90 440.20 NOTE
r-release-linux-x86_64 1.9.90 168.63 162.09 330.72 NOTE
r-release-macos-x86_64 1.9.90 NOTE
r-release-windows-ix86+x86_64 1.9.90 259.00 207.00 466.00 OK
r-oldrel-macos-x86_64 1.9.90 OK
r-oldrel-windows-ix86+x86_64 1.9.90 299.00 241.00 540.00 OK

Check Details

Version: 1.9.90
Check: package dependencies
Result: NOTE
    Package suggested but not available for checking: 'HWxtest'
Flavors: r-devel-linux-x86_64-debian-clang, r-devel-linux-x86_64-debian-gcc, r-devel-linux-x86_64-fedora-clang, r-devel-linux-x86_64-fedora-gcc, r-patched-linux-x86_64, r-patched-solaris-x86, r-release-linux-x86_64

Version: 1.9.90
Check: installed package size
Result: NOTE
     installed size is 7.1Mb
     sub-directories of 1Mb or more:
     libs 5.6Mb
Flavor: r-devel-linux-x86_64-fedora-clang

Version: 1.9.90
Check: package dependencies
Result: NOTE
    Packages suggested but not available for checking: 'sendplot', 'HWxtest'
Flavor: r-release-macos-x86_64