CRAN Package Check Results for Package diversitree

Last updated on 2020-07-14 02:06:47 CEST.

Flavor Version Tinstall Tcheck Ttotal Status Flags
r-devel-linux-x86_64-debian-clang 0.9-13 79.16 109.43 188.59 OK
r-devel-linux-x86_64-debian-gcc 0.9-13 66.20 83.20 149.40 OK
r-devel-linux-x86_64-fedora-clang 0.9-13 256.16 NOTE
r-devel-linux-x86_64-fedora-gcc 0.9-13 241.52 OK
r-devel-windows-ix86+x86_64 0.9-13 194.00 197.00 391.00 NOTE
r-patched-linux-x86_64 0.9-13 68.19 108.48 176.67 OK
r-patched-solaris-x86 0.9-13 232.50 OK
r-release-linux-x86_64 0.9-13 64.46 109.71 174.17 OK
r-release-macos-x86_64 0.9-13 ERROR
r-release-windows-ix86+x86_64 0.9-13 199.00 141.00 340.00 NOTE
r-oldrel-macos-x86_64 0.9-13 NOTE
r-oldrel-windows-ix86+x86_64 0.9-13 204.00 184.00 388.00 NOTE

Check Details

Version: 0.9-13
Check: installed package size
Result: NOTE
     installed size is 7.2Mb
     sub-directories of 1Mb or more:
     libs 5.9Mb
Flavors: r-devel-linux-x86_64-fedora-clang, r-devel-windows-ix86+x86_64, r-release-windows-ix86+x86_64, r-oldrel-macos-x86_64, r-oldrel-windows-ix86+x86_64

Version: 0.9-13
Check: whether package can be installed
Result: ERROR
    Installation failed.
Flavor: r-release-macos-x86_64