CRAN Package Check Results for Package diversitree

Last updated on 2019-12-09 01:48:57 CET.

Flavor Version Tinstall Tcheck Ttotal Status Flags
r-devel-linux-x86_64-debian-clang 0.9-11 76.81 109.33 186.14 WARN
r-devel-linux-x86_64-debian-gcc 0.9-11 55.36 85.43 140.79 WARN
r-devel-linux-x86_64-fedora-clang 0.9-11 239.20 WARN
r-devel-linux-x86_64-fedora-gcc 0.9-11 214.16 WARN
r-devel-windows-ix86+x86_64 0.9-11 159.00 190.00 349.00 NOTE
r-devel-windows-ix86+x86_64-gcc8 0.9-11 157.00 142.00 299.00 NOTE
r-patched-linux-x86_64 0.9-11 63.36 96.23 159.59 OK
r-patched-solaris-x86 0.9-11 213.70 OK
r-release-linux-x86_64 0.9-11 63.74 97.18 160.92 OK
r-release-windows-ix86+x86_64 0.9-11 188.00 139.00 327.00 NOTE
r-release-osx-x86_64 0.9-11 NOTE
r-oldrel-windows-ix86+x86_64 0.9-11 123.00 135.00 258.00 NOTE
r-oldrel-osx-x86_64 0.9-11 NOTE

Additional issues

LTO

Check Details

Version: 0.9-11
Check: whether package can be installed
Result: WARN
    Found the following significant warnings:
     'config' variable 'CPP' is deprecated
Flavors: r-devel-linux-x86_64-debian-clang, r-devel-linux-x86_64-debian-gcc, r-devel-linux-x86_64-fedora-clang, r-devel-linux-x86_64-fedora-gcc

Version: 0.9-11
Check: installed package size
Result: NOTE
     installed size is 6.6Mb
     sub-directories of 1Mb or more:
     libs 5.3Mb
Flavors: r-devel-linux-x86_64-fedora-clang, r-devel-windows-ix86+x86_64, r-devel-windows-ix86+x86_64-gcc8, r-release-windows-ix86+x86_64, r-release-osx-x86_64, r-oldrel-windows-ix86+x86_64, r-oldrel-osx-x86_64