Last updated on 2023-09-22 07:57:29 CEST.
Flavor | Version | Tinstall | Tcheck | Ttotal | Status | Flags |
---|---|---|---|---|---|---|
r-devel-linux-x86_64-debian-clang | 0.4.0 | 172.72 | 130.49 | 303.21 | NOTE | |
r-devel-linux-x86_64-debian-gcc | 0.4.0 | 131.24 | 95.80 | 227.04 | NOTE | |
r-devel-linux-x86_64-fedora-clang | 0.4.0 | 428.86 | NOTE | |||
r-devel-linux-x86_64-fedora-gcc | 0.4.0 | 476.12 | NOTE | |||
r-devel-windows-x86_64 | 0.4.0 | 135.00 | 136.00 | 271.00 | NOTE | |
r-patched-linux-x86_64 | 0.4.0 | 148.15 | 123.98 | 272.13 | NOTE | |
r-release-linux-x86_64 | 0.4.0 | 143.37 | 125.30 | 268.67 | NOTE | |
r-release-macos-arm64 | 0.4.0 | 107.00 | NOTE | |||
r-release-macos-x86_64 | 0.4.0 | 172.00 | NOTE | |||
r-release-windows-x86_64 | 0.4.0 | 147.00 | 159.00 | 306.00 | NOTE | |
r-oldrel-macos-arm64 | 0.4.0 | 64.00 | NOTE | |||
r-oldrel-macos-x86_64 | 0.4.0 | 120.00 | NOTE | |||
r-oldrel-windows-x86_64 | 0.4.0 | 171.00 | 146.00 | 317.00 | NOTE |
Version: 0.4.0
Check: package dependencies
Result: NOTE
Package suggested but not available for checking: ‘BOLTSSIRR’
Flavors: r-devel-linux-x86_64-debian-clang, r-devel-linux-x86_64-debian-gcc, r-devel-linux-x86_64-fedora-clang, r-devel-linux-x86_64-fedora-gcc, r-devel-windows-x86_64, r-patched-linux-x86_64, r-release-linux-x86_64, r-release-macos-arm64, r-release-macos-x86_64, r-release-windows-x86_64, r-oldrel-macos-arm64, r-oldrel-macos-x86_64, r-oldrel-windows-x86_64
Version: 0.4.0
Check: installed package size
Result: NOTE
installed size is 9.9Mb
sub-directories of 1Mb or more:
libs 9.5Mb
Flavors: r-release-macos-arm64, r-release-macos-x86_64, r-oldrel-macos-arm64, r-oldrel-macos-x86_64