CRAN Package Check Results for Package dlbayes

Last updated on 2023-09-25 08:02:25 CEST.

Flavor Version Tinstall Tcheck Ttotal Status Flags
r-devel-linux-x86_64-debian-clang 0.1.0 2.34 47.25 49.59 NOTE
r-devel-linux-x86_64-debian-gcc 0.1.0 1.93 35.55 37.48 NOTE
r-devel-linux-x86_64-fedora-clang 0.1.0 60.92 NOTE
r-devel-linux-x86_64-fedora-gcc 0.1.0 60.38 NOTE
r-devel-windows-x86_64 0.1.0 4.00 59.00 63.00 NOTE
r-patched-linux-x86_64 0.1.0 2.44 44.85 47.29 NOTE
r-release-linux-x86_64 0.1.0 2.10 45.25 47.35 NOTE
r-release-macos-arm64 0.1.0 25.00 NOTE
r-release-macos-x86_64 0.1.0 34.00 NOTE
r-release-windows-x86_64 0.1.0 4.00 61.00 65.00 NOTE
r-oldrel-macos-arm64 0.1.0 26.00 NOTE
r-oldrel-macos-x86_64 0.1.0 31.00 NOTE
r-oldrel-windows-x86_64 0.1.0 4.00 64.00 68.00 NOTE

Check Details

Version: 0.1.0
Check: LazyData
Result: NOTE
     'LazyData' is specified without a 'data' directory
Flavors: r-devel-linux-x86_64-debian-clang, r-devel-linux-x86_64-debian-gcc, r-devel-linux-x86_64-fedora-clang, r-devel-linux-x86_64-fedora-gcc, r-devel-windows-x86_64, r-patched-linux-x86_64, r-release-linux-x86_64, r-release-macos-arm64, r-release-macos-x86_64, r-release-windows-x86_64, r-oldrel-macos-arm64, r-oldrel-macos-x86_64, r-oldrel-windows-x86_64