CRAN Package Check Results for Package dlbayes

Last updated on 2023-01-28 01:50:07 CET.

Flavor Version Tinstall Tcheck Ttotal Status Flags
r-devel-linux-x86_64-debian-clang 0.1.0 2.42 47.29 49.71 NOTE
r-devel-linux-x86_64-debian-gcc 0.1.0 1.82 35.15 36.97 NOTE
r-devel-linux-x86_64-fedora-clang 0.1.0 61.55 NOTE
r-devel-linux-x86_64-fedora-gcc 0.1.0 59.84 NOTE
r-devel-windows-x86_64 0.1.0 15.00 77.00 92.00 NOTE
r-patched-linux-x86_64 0.1.0 2.32 47.21 49.53 NOTE
r-release-linux-x86_64 0.1.0 2.19 46.90 49.09 NOTE
r-release-macos-arm64 0.1.0 20.00 NOTE
r-release-macos-x86_64 0.1.0 31.00 NOTE
r-release-windows-x86_64 0.1.0 9.00 79.00 88.00 NOTE
r-oldrel-macos-arm64 0.1.0 27.00 NOTE
r-oldrel-macos-x86_64 0.1.0 33.00 NOTE
r-oldrel-windows-ix86+x86_64 0.1.0 6.00 74.00 80.00 NOTE

Check Details

Version: 0.1.0
Check: LazyData
Result: NOTE
     'LazyData' is specified without a 'data' directory
Flavors: r-devel-linux-x86_64-debian-clang, r-devel-linux-x86_64-debian-gcc, r-devel-linux-x86_64-fedora-clang, r-devel-linux-x86_64-fedora-gcc, r-devel-windows-x86_64, r-patched-linux-x86_64, r-release-linux-x86_64, r-release-macos-arm64, r-release-macos-x86_64, r-release-windows-x86_64, r-oldrel-macos-arm64, r-oldrel-macos-x86_64, r-oldrel-windows-ix86+x86_64