CRAN Package Check Results for Package dm

Last updated on 2022-09-29 01:50:42 CEST.

Flavor Version Tinstall Tcheck Ttotal Status Flags
r-devel-linux-x86_64-debian-clang 1.0.2 18.58 453.52 472.10 OK
r-devel-linux-x86_64-debian-gcc 1.0.2 13.08 339.33 352.41 OK
r-devel-linux-x86_64-fedora-clang 1.0.2 560.67 OK
r-devel-linux-x86_64-fedora-gcc 1.0.2 574.23 OK
r-devel-windows-x86_64 1.0.2 137.00 412.00 549.00 OK
r-patched-linux-x86_64 1.0.2 23.73 399.00 422.73 ERROR
r-release-linux-x86_64 1.0.2 20.51 421.95 442.46 OK
r-release-macos-arm64 1.0.2 149.00 OK
r-release-macos-x86_64 1.0.2 171.00 OK
r-release-windows-x86_64 1.0.2 252.00 390.00 642.00 OK
r-oldrel-macos-arm64 1.0.2 145.00 OK
r-oldrel-macos-x86_64 1.0.2 196.00 OK
r-oldrel-windows-ix86+x86_64 1.0.2 36.00 437.00 473.00 OK

Additional issues

MKL

Check Details

Version: 1.0.2
Check: examples
Result: ERROR
    Running examples in ‘dm-Ex.R’ failed
    The error most likely occurred in:
    
    > base::assign(".ptime", proc.time(), pos = "CheckExEnv")
    > ### Name: dm_flatten_to_tbl
    > ### Title: Flatten a part of a 'dm' into a wide table
    > ### Aliases: dm_flatten_to_tbl
    >
    > ### ** Examples
    >
    >
    > dm_financial() %>%
    + dm_select_tbl(-loans) %>%
    + dm_flatten_to_tbl(.start = cards)
    Error in `financial_db_con()`:
    ! Can't connect to relational.fit.cvut.cz or databases.pacha.dev:
    Failed to connect: Can't connect to server on 'relational.fit.cvut.cz' (101)
    Failed to connect: Can't connect to server on 'databases.pacha.dev' (115)
    Backtrace:
     ▆
     1. ├─dm_financial() %>% dm_select_tbl(-loans) %>% ...
     2. ├─dm::dm_flatten_to_tbl(., .start = cards)
     3. │ └─dm:::check_not_zoomed(dm)
     4. │ └─dm:::check_dm(dm)
     5. │ └─dm::is_dm(dm)
     6. ├─dm::dm_select_tbl(., -loans)
     7. │ └─dm:::check_not_zoomed(dm)
     8. │ └─dm:::check_dm(dm)
     9. │ └─dm::is_dm(dm)
     10. ├─dm::dm_financial()
     11. │ ├─base::withVisible(eval(mc, parent.frame()))
     12. │ └─base::eval(mc, parent.frame())
     13. │ └─base::eval(mc, parent.frame())
     14. └─dm (local) `<fn>`()
     15. └─dm:::financial_db_con()
     16. └─rlang::abort(...)
    Execution halted
Flavor: r-patched-linux-x86_64