CRAN Package Check Results for Package dmtools

Last updated on 2022-06-26 01:48:48 CEST.

Flavor Version Tinstall Tcheck Ttotal Status Flags
r-devel-linux-x86_64-debian-clang 0.2.6 3.94 51.89 55.83 NOTE
r-devel-linux-x86_64-debian-gcc 0.2.6 3.26 39.92 43.18 NOTE
r-devel-linux-x86_64-fedora-clang 0.2.6 81.01 NOTE
r-devel-linux-x86_64-fedora-gcc 0.2.6 77.80 NOTE
r-devel-windows-x86_64 0.2.6 29.00 88.00 117.00 NOTE
r-patched-linux-x86_64 0.2.6 4.61 50.10 54.71 NOTE
r-release-linux-x86_64 0.2.6 2.98 49.63 52.61 NOTE
r-release-macos-arm64 0.2.6 27.00 NOTE
r-release-macos-x86_64 0.2.6 51.00 NOTE
r-release-windows-x86_64 0.2.6 31.00 84.00 115.00 NOTE
r-oldrel-macos-arm64 0.2.6 31.00 NOTE
r-oldrel-macos-x86_64 0.2.6 47.00 NOTE
r-oldrel-windows-ix86+x86_64 0.2.6 9.00 73.00 82.00 NOTE

Check Details

Version: 0.2.6
Check: LazyData
Result: NOTE
     'LazyData' is specified without a 'data' directory
Flavors: r-devel-linux-x86_64-debian-clang, r-devel-linux-x86_64-debian-gcc, r-devel-linux-x86_64-fedora-clang, r-devel-linux-x86_64-fedora-gcc, r-devel-windows-x86_64, r-patched-linux-x86_64, r-release-linux-x86_64, r-release-macos-arm64, r-release-macos-x86_64, r-release-windows-x86_64, r-oldrel-macos-arm64, r-oldrel-macos-x86_64, r-oldrel-windows-ix86+x86_64