CRAN Package Check Results for Package doBy

Last updated on 2020-08-11 01:54:32 CEST.

Flavor Version Tinstall Tcheck Ttotal Status Flags
r-devel-linux-x86_64-debian-clang 4.6.7 13.64 128.26 141.90 OK
r-devel-linux-x86_64-debian-gcc 4.6.7 12.15 95.80 107.95 OK
r-devel-linux-x86_64-fedora-clang 4.6.7 177.23 OK
r-devel-linux-x86_64-fedora-gcc 4.6.7 162.01 OK
r-devel-windows-ix86+x86_64 4.6.7 29.00 211.00 240.00 OK
r-patched-linux-x86_64 4.6.7 12.36 123.77 136.13 OK
r-patched-solaris-x86 4.6.7 236.70 NOTE
r-release-linux-x86_64 4.6.7 14.11 123.27 137.38 OK
r-release-macos-x86_64 4.6.7 OK
r-release-windows-ix86+x86_64 4.6.7 42.00 200.00 242.00 OK
r-oldrel-macos-x86_64 4.6.7 OK
r-oldrel-windows-ix86+x86_64 4.6.7 21.00 136.00 157.00 OK

Check Details

Version: 4.6.7
Check: installed package size
Result: NOTE
     installed size is 5.1Mb
     sub-directories of 1Mb or more:
     data 3.9Mb
Flavor: r-patched-solaris-x86