CRAN Package Check Results for Package doMPI

Last updated on 2020-07-10 01:48:59 CEST.

Flavor Version Tinstall Tcheck Ttotal Status Flags
r-devel-linux-x86_64-debian-clang 0.2.2 3.17 28.92 32.09 OK
r-devel-linux-x86_64-debian-gcc 0.2.2 2.63 23.37 26.00 OK
r-devel-linux-x86_64-fedora-clang 0.2.2 49.52 OK
r-devel-linux-x86_64-fedora-gcc 0.2.2 40.44 OK
r-devel-windows-ix86+x86_64 0.2.2 7.00 46.00 53.00 OK
r-patched-linux-x86_64 0.2.2 3.47 29.41 32.88 OK
r-patched-solaris-x86 0.2.2 57.90 OK
r-release-linux-x86_64 0.2.2 3.55 29.58 33.13 OK
r-release-osx-x86_64 0.2.2 ERROR
r-release-windows-ix86+x86_64 0.2.2 7.00 61.00 68.00 OK
r-oldrel-osx-x86_64 0.2.2 ERROR
r-oldrel-windows-ix86+x86_64 0.2.2 8.00 46.00 54.00 OK

Check Details

Version: 0.2.2
Check: package dependencies
Result: ERROR
    Package required but not available: ‘Rmpi’
    
    See section ‘The DESCRIPTION file’ in the ‘Writing R Extensions’
    manual.
Flavors: r-release-osx-x86_64, r-oldrel-osx-x86_64