CRAN Package Check Results for Package doMPI

Last updated on 2020-10-22 02:49:36 CEST.

Flavor Version Tinstall Tcheck Ttotal Status Flags
r-devel-linux-x86_64-debian-clang 0.2.2 3.92 33.49 37.41 OK
r-devel-linux-x86_64-debian-gcc 0.2.2 3.13 26.76 29.89 OK
r-devel-linux-x86_64-fedora-clang 0.2.2 50.76 OK
r-devel-linux-x86_64-fedora-gcc 0.2.2 42.63 OK
r-devel-windows-ix86+x86_64 0.2.2 8.00 53.00 61.00 OK
r-patched-linux-x86_64 0.2.2 4.10 32.16 36.26 OK
r-patched-solaris-x86 0.2.2 68.10 OK
r-release-linux-x86_64 0.2.2 4.22 32.29 36.51 OK
r-release-macos-x86_64 0.2.2 ERROR
r-release-windows-ix86+x86_64 0.2.2 5.00 40.00 45.00 OK
r-oldrel-macos-x86_64 0.2.2 ERROR
r-oldrel-windows-ix86+x86_64 0.2.2 6.00 45.00 51.00 OK

Check Details

Version: 0.2.2
Check: package dependencies
Result: ERROR
    Package required but not available: ‘Rmpi’
    
    See section ‘The DESCRIPTION file’ in the ‘Writing R Extensions’
    manual.
Flavors: r-release-macos-x86_64, r-oldrel-macos-x86_64