Last updated on 2021-02-28 00:48:43 CET.
Flavor | Version | Tinstall | Tcheck | Ttotal | Status | Flags |
---|---|---|---|---|---|---|
r-devel-linux-x86_64-debian-clang | 1.8.2 | 2.24 | 81.42 | 83.66 | NOTE | |
r-devel-linux-x86_64-debian-gcc | 1.8.2 | 1.74 | 64.44 | 66.18 | NOTE | |
r-devel-linux-x86_64-fedora-clang | 1.8.2 | 116.06 | NOTE | |||
r-devel-linux-x86_64-fedora-gcc | 1.8.2 | 108.97 | NOTE | |||
r-devel-windows-ix86+x86_64 | 1.8.2 | 6.00 | 74.00 | 80.00 | OK | |
r-patched-linux-x86_64 | 1.8.2 | 2.25 | 80.27 | 82.52 | NOTE | |
r-patched-solaris-x86 | 1.8.2 | 159.70 | NOTE | |||
r-release-linux-x86_64 | 1.8.2 | 2.44 | 80.88 | 83.32 | NOTE | |
r-release-macos-x86_64 | 1.8.2 | NOTE | ||||
r-release-windows-ix86+x86_64 | 1.8.2 | 26.00 | 90.00 | 116.00 | OK | |
r-oldrel-macos-x86_64 | 1.8.2 | NOTE | ||||
r-oldrel-windows-ix86+x86_64 | 1.8.2 | 3.00 | 101.00 | 104.00 | OK |
Version: 1.8.2
Check: package dependencies
Result: NOTE
Package suggested but not available for checking: 'doRedis'
Flavors: r-devel-linux-x86_64-debian-clang, r-devel-linux-x86_64-debian-gcc, r-devel-linux-x86_64-fedora-gcc, r-patched-linux-x86_64, r-patched-solaris-x86, r-release-linux-x86_64
Version: 1.8.2
Check: package dependencies
Result: NOTE
Package suggested but not available for checking: ‘doRedis’
Suggests orphaned package: ‘bibtex’
Flavor: r-devel-linux-x86_64-fedora-clang
Version: 1.8.2
Check: package dependencies
Result: NOTE
Package suggested but not available for checking: ‘doMPI’
Flavors: r-release-macos-x86_64, r-oldrel-macos-x86_64
Version: 1.8.2
Check: Rd cross-references
Result: NOTE
Package unavailable to check Rd xrefs: ‘doMPI’
Flavors: r-release-macos-x86_64, r-oldrel-macos-x86_64