CRAN Package Check Results for Package doc2concrete

Last updated on 2021-07-27 01:50:40 CEST.

Flavor Version Tinstall Tcheck Ttotal Status Flags
r-devel-linux-x86_64-debian-clang 0.5.4 0.68 2.86 3.54 ERROR
r-devel-linux-x86_64-debian-gcc 0.5.4 7.86 72.51 80.37 OK
r-devel-linux-x86_64-fedora-clang 0.5.4 133.84 OK
r-devel-linux-x86_64-fedora-gcc 0.5.4 122.12 OK
r-devel-windows-x86_64 0.5.4 13.00 125.00 138.00 OK
r-devel-windows-x86_64-gcc10-UCRT 0.5.4 OK
r-patched-linux-x86_64 0.5.4 8.76 90.18 98.94 OK
r-patched-solaris-x86 0.5.4 192.90 OK
r-release-linux-x86_64 0.5.4 8.02 90.89 98.91 OK
r-release-macos-arm64 0.5.4 OK
r-release-macos-x86_64 0.5.4 OK
r-release-windows-ix86+x86_64 0.5.4 19.00 89.00 108.00 OK
r-oldrel-macos-x86_64 0.5.4 WARN
r-oldrel-windows-ix86+x86_64 0.5.4 23.00 120.00 143.00 OK

Check Details

Version: 0.5.4
Check: package dependencies
Result: ERROR
    Packages required but not available: 'quanteda', 'textstem'
    
    See section 'The DESCRIPTION file' in the 'Writing R Extensions'
    manual.
Flavor: r-devel-linux-x86_64-debian-clang

Version: 0.5.4
Check: for missing documentation entries
Result: WARN
    Warning in .recacheSubclasses([email protected], def, env) :
     undefined subclass "numericVector" of class "Mnumeric"; definition not updated
    All user-level objects in a package should have documentation entries.
    See chapter ‘Writing R documentation files’ in the ‘Writing R
    Extensions’ manual.
Flavor: r-oldrel-macos-x86_64