CRAN Package Check Results for Package document

Last updated on 2020-05-28 01:53:15 CEST.

Flavor Version Tinstall Tcheck Ttotal Status Flags
r-devel-linux-x86_64-debian-clang 3.2.0 2.43 124.14 126.57 OK
r-devel-linux-x86_64-debian-gcc 3.2.0 2.07 98.49 100.56 OK
r-devel-linux-x86_64-fedora-clang 3.2.0 162.01 OK
r-devel-linux-x86_64-fedora-gcc 3.2.0 178.00 OK
r-devel-windows-ix86+x86_64 3.2.0 10.00 312.00 322.00 OK
r-patched-linux-x86_64 3.2.0 2.39 128.55 130.94 OK
r-patched-solaris-x86 3.2.0 128.90 ERROR
r-release-linux-x86_64 3.2.0 2.59 127.61 130.20 OK
r-release-osx-x86_64 3.2.0 OK
r-release-windows-ix86+x86_64 3.2.0 6.00 306.00 312.00 OK
r-oldrel-osx-x86_64 3.2.0 OK
r-oldrel-windows-ix86+x86_64 3.2.0 5.00 232.00 237.00 OK

Check Details

Version: 3.2.0
Check: tests
Result: ERROR
     Running ‘runit.R’ [17s/26s]
     Running ‘testthat.R’ [19s/30s]
    Running the tests in ‘tests/testthat.R’ failed.
    Complete output:
     > running_on_my_machines <- function() {
     + sys_info <- Sys.info()
     + r <- sys_info[["nodename"]] %in% c("h6", "h7") &&
     + sys_info[["effective_user"]] == "qwer" &&
     + .Platform[["OS.type"]] == "unix"
     + return(r)
     + }
     >
     > set_NOT_CRAN <- function() {
     + is_unset <- is.na(Sys.getenv("NOT_CRAN", unset = NA))
     + if (running_on_my_machines() && is_unset)
     + Sys.setenv("NOT_CRAN" = TRUE)
     + }
     >
     > set_NOT_CRAN()
     > library("testthat")
     > library("document")
     > test_check("document")
     ── R CMD build ─────────────────────────────────────────────────────────────────
     * checking for file ‘.../DESCRIPTION’ ... OK
     * preparing ‘mini.mal’:
     * checking DESCRIPTION meta-information ... OK
     * checking for LF line-endings in source and make files and shell scripts
     * checking for empty or unneeded directories
     * building ‘mini.mal_2.0.0.tar.gz’
    
     ── 1. Error: (unknown) (@test_basic.R#13) ─────────────────────────────────────
     Still alive
     Backtrace:
     1. document::document(file_name, check_package = TRUE, runit = TRUE)
     2. document:::check_package(...)
     3. rcmdcheck::rcmdcheck(...)
     4. rcmdcheck:::build_package(...)
     7. proc$get_built_file()
    
     ══ testthat results ═══════════════════════════════════════════════════════════
     [ OK: 0 | SKIPPED: 0 | WARNINGS: 1 | FAILED: 1 ]
     1. Error: (unknown) (@test_basic.R#13)
    
     Error: testthat unit tests failed
     Execution halted
Flavor: r-patched-solaris-x86