CRAN Package Check Results for Package dodgr

Last updated on 2020-06-04 02:47:59 CEST.

Flavor Version Tinstall Tcheck Ttotal Status Flags
r-devel-linux-x86_64-debian-clang 0.2.7 158.78 290.93 449.71 NOTE
r-devel-linux-x86_64-debian-gcc 0.2.7 125.56 220.71 346.27 NOTE
r-devel-linux-x86_64-fedora-clang 0.2.7 586.67 NOTE
r-devel-linux-x86_64-fedora-gcc 0.2.7 553.87 NOTE
r-devel-windows-ix86+x86_64 0.2.7 402.00 557.00 959.00 NOTE
r-patched-linux-x86_64 0.2.7 127.35 283.33 410.68 NOTE
r-patched-solaris-x86 0.2.7 687.00 NOTE
r-release-linux-x86_64 0.2.7 127.89 283.85 411.74 NOTE
r-release-osx-x86_64 0.2.7 NOTE
r-release-windows-ix86+x86_64 0.2.7 308.00 403.00 711.00 NOTE
r-oldrel-osx-x86_64 0.2.7 NOTE
r-oldrel-windows-ix86+x86_64 0.2.7 386.00 540.00 926.00 NOTE

Check Details

Version: 0.2.7
Check: for GNU extensions in Makefiles
Result: NOTE
    GNU make is a SystemRequirements.
Flavors: r-devel-linux-x86_64-debian-clang, r-devel-linux-x86_64-debian-gcc, r-devel-linux-x86_64-fedora-clang, r-devel-linux-x86_64-fedora-gcc, r-devel-windows-ix86+x86_64, r-patched-linux-x86_64, r-patched-solaris-x86, r-release-linux-x86_64, r-release-osx-x86_64, r-release-windows-ix86+x86_64, r-oldrel-osx-x86_64, r-oldrel-windows-ix86+x86_64

Version: 0.2.7
Check: installed package size
Result: NOTE
     installed size is 19.0Mb
     sub-directories of 1Mb or more:
     doc 5.2Mb
     libs 13.3Mb
Flavors: r-devel-linux-x86_64-fedora-clang, r-devel-windows-ix86+x86_64, r-patched-solaris-x86, r-release-osx-x86_64, r-release-windows-ix86+x86_64, r-oldrel-osx-x86_64, r-oldrel-windows-ix86+x86_64

Version: 0.2.7
Check: dependencies in R code
Result: NOTE
    Namespace in Imports field not imported from: ‘RcppThread’
     All declared Imports should be used.
Flavors: r-devel-linux-x86_64-fedora-clang, r-devel-linux-x86_64-fedora-gcc, r-patched-solaris-x86, r-release-osx-x86_64, r-oldrel-osx-x86_64