CRAN Package Check Results for Package doolkit

Last updated on 2023-01-28 01:50:07 CET.

Flavor Version Tinstall Tcheck Ttotal Status Flags
r-devel-linux-x86_64-debian-clang 1.42.1 11.32 110.06 121.38 WARN
r-devel-linux-x86_64-debian-gcc 1.42.1 8.12 74.77 82.89 WARN
r-devel-linux-x86_64-fedora-clang 1.42.1 151.16 WARN
r-devel-linux-x86_64-fedora-gcc 1.42.1 148.19 WARN
r-devel-windows-x86_64 1.42.1 25.00 157.00 182.00 WARN
r-patched-linux-x86_64 1.42.1 11.55 103.31 114.86 WARN
r-release-linux-x86_64 1.42.1 8.45 104.27 112.72 WARN
r-release-macos-arm64 1.42.1 222.00 NOTE
r-release-macos-x86_64 1.42.1 403.00 NOTE
r-release-windows-x86_64 1.42.1 40.00 173.00 213.00 WARN
r-oldrel-macos-arm64 1.42.1 230.00 NOTE
r-oldrel-macos-x86_64 1.42.1 373.00 NOTE
r-oldrel-windows-ix86+x86_64 1.42.1 21.00 144.00 165.00 WARN

Additional issues

M1mac

Check Details

Version: 1.42.1
Check: examples
Result: WARN
    Found the following significant warnings:
    
     Warning: 'rgl::rgl.clear' is deprecated.
     Warning: 'rgl::rgl.clear' is deprecated.
     Warning: 'rgl::rgl.clear' is deprecated.
     Warning: 'rgl::rgl.clear' is deprecated.
     Warning: 'rgl::rgl.clear' is deprecated.
     Warning: 'rgl::rgl.clear' is deprecated.
     Warning: 'rgl::rgl.clear' is deprecated.
     Warning: 'rgl::rgl.clear' is deprecated.
     Warning: 'rgl::rgl.clear' is deprecated.
     Warning: 'rgl::rgl.clear' is deprecated.
     Warning: 'rgl::rgl.clear' is deprecated.
     Warning: 'rgl::rgl.clear' is deprecated.
     Warning: 'rgl::rgl.clear' is deprecated.
     Warning: 'rgl::rgl.clear' is deprecated.
     Warning: 'rgl::rgl.clear' is deprecated.
     Warning: 'rgl::rgl.clear' is deprecated.
     Warning: 'rgl::rgl.clear' is deprecated.
     Warning: 'rgl::rgl.clear' is deprecated.
     Warning: 'rgl::rgl.clear' is deprecated.
     Warning: 'rgl::rgl.clear' is deprecated.
     Warning: 'rgl::rgl.clear' is deprecated.
     Warning: 'rgl::rgl.clear' is deprecated.
     Warning: 'rgl::rgl.clear' is deprecated.
     Warning: 'rgl::rgl.clear' is deprecated.
     Warning: 'rgl::rgl.clear' is deprecated.
     Warning: 'rgl::rgl.clear' is deprecated.
     Warning: 'rgl::rgl.clear' is deprecated.
    Deprecated functions may be defunct as soon as of the next release of
    R.
    See ?Deprecated.
    Examples with CPU (user + system) or elapsed time > 5s
     user system elapsed
    poly.network 10.362 0.036 12.169
    dkmap 8.182 0.120 8.907
    angularity 7.832 0.412 9.742
    dne 6.925 0.070 7.757
    dkcrop 6.323 0.085 6.945
    oedist 5.085 0.210 5.974
    dkorigin 4.929 0.075 5.235
    area2d 4.505 0.188 5.030
Flavor: r-devel-linux-x86_64-debian-clang

Version: 1.42.1
Check: examples
Result: WARN
    Found the following significant warnings:
    
     Warning: 'rgl::rgl.clear' is deprecated.
     Warning: 'rgl::rgl.clear' is deprecated.
     Warning: 'rgl::rgl.clear' is deprecated.
     Warning: 'rgl::rgl.clear' is deprecated.
     Warning: 'rgl::rgl.clear' is deprecated.
     Warning: 'rgl::rgl.clear' is deprecated.
     Warning: 'rgl::rgl.clear' is deprecated.
     Warning: 'rgl::rgl.clear' is deprecated.
     Warning: 'rgl::rgl.clear' is deprecated.
     Warning: 'rgl::rgl.clear' is deprecated.
     Warning: 'rgl::rgl.clear' is deprecated.
     Warning: 'rgl::rgl.clear' is deprecated.
     Warning: 'rgl::rgl.clear' is deprecated.
     Warning: 'rgl::rgl.clear' is deprecated.
     Warning: 'rgl::rgl.clear' is deprecated.
     Warning: 'rgl::rgl.clear' is deprecated.
     Warning: 'rgl::rgl.clear' is deprecated.
     Warning: 'rgl::rgl.clear' is deprecated.
     Warning: 'rgl::rgl.clear' is deprecated.
     Warning: 'rgl::rgl.clear' is deprecated.
     Warning: 'rgl::rgl.clear' is deprecated.
     Warning: 'rgl::rgl.clear' is deprecated.
     Warning: 'rgl::rgl.clear' is deprecated.
     Warning: 'rgl::rgl.clear' is deprecated.
     Warning: 'rgl::rgl.clear' is deprecated.
     Warning: 'rgl::rgl.clear' is deprecated.
     Warning: 'rgl::rgl.clear' is deprecated.
    Deprecated functions may be defunct as soon as of the next release of
    R.
    See ?Deprecated.
    Examples with CPU (user + system) or elapsed time > 5s
     user system elapsed
    poly.network 5.832 0.064 7.236
    dkmap 5.177 0.076 7.907
    angularity 4.252 0.290 6.613
    dne 4.357 0.036 6.568
    dkorigin 3.242 0.075 5.136
    dkprofile 2.852 0.107 5.117
Flavor: r-devel-linux-x86_64-debian-gcc

Version: 1.42.1
Check: installed package size
Result: NOTE
     installed size is 6.5Mb
     sub-directories of 1Mb or more:
     R 2.1Mb
     data 2.0Mb
     extdata 2.3Mb
Flavors: r-devel-linux-x86_64-fedora-clang, r-devel-windows-x86_64, r-release-macos-arm64, r-release-macos-x86_64, r-release-windows-x86_64, r-oldrel-macos-arm64, r-oldrel-macos-x86_64, r-oldrel-windows-ix86+x86_64

Version: 1.42.1
Check: dependencies in R code
Result: NOTE
    Namespace in Imports field not imported from: ‘usethis’
     All declared Imports should be used.
Flavors: r-devel-linux-x86_64-fedora-clang, r-devel-linux-x86_64-fedora-gcc, r-release-macos-arm64, r-release-macos-x86_64, r-oldrel-macos-arm64, r-oldrel-macos-x86_64

Version: 1.42.1
Check: examples
Result: WARN
    Found the following significant warnings:
    
     Warning: 'rgl::rgl.clear' is deprecated.
     Warning: 'rgl::rgl.clear' is deprecated.
     Warning: 'rgl::rgl.clear' is deprecated.
     Warning: 'rgl::rgl.clear' is deprecated.
     Warning: 'rgl::rgl.clear' is deprecated.
     Warning: 'rgl::rgl.clear' is deprecated.
     Warning: 'rgl::rgl.clear' is deprecated.
     Warning: 'rgl::rgl.clear' is deprecated.
     Warning: 'rgl::rgl.clear' is deprecated.
     Warning: 'rgl::rgl.clear' is deprecated.
     Warning: 'rgl::rgl.clear' is deprecated.
     Warning: 'rgl::rgl.clear' is deprecated.
     Warning: 'rgl::rgl.clear' is deprecated.
     Warning: 'rgl::rgl.clear' is deprecated.
     Warning: 'rgl::rgl.clear' is deprecated.
     Warning: 'rgl::rgl.clear' is deprecated.
     Warning: 'rgl::rgl.clear' is deprecated.
     Warning: 'rgl::rgl.clear' is deprecated.
     Warning: 'rgl::rgl.clear' is deprecated.
     Warning: 'rgl::rgl.clear' is deprecated.
     Warning: 'rgl::rgl.clear' is deprecated.
     Warning: 'rgl::rgl.clear' is deprecated.
     Warning: 'rgl::rgl.clear' is deprecated.
     Warning: 'rgl::rgl.clear' is deprecated.
     Warning: 'rgl::rgl.clear' is deprecated.
     Warning: 'rgl::rgl.clear' is deprecated.
     Warning: 'rgl::rgl.clear' is deprecated.
    Deprecated functions may be defunct as soon as of the next release of
    R.
    See ?Deprecated.
Flavors: r-devel-linux-x86_64-fedora-clang, r-devel-linux-x86_64-fedora-gcc, r-devel-windows-x86_64, r-release-windows-x86_64, r-oldrel-windows-ix86+x86_64

Version: 1.42.1
Check: examples
Result: WARN
    Found the following significant warnings:
    
     Warning: 'rgl::rgl.clear' is deprecated.
     Warning: 'rgl::rgl.clear' is deprecated.
     Warning: 'rgl::rgl.clear' is deprecated.
     Warning: 'rgl::rgl.clear' is deprecated.
     Warning: 'rgl::rgl.clear' is deprecated.
     Warning: 'rgl::rgl.clear' is deprecated.
     Warning: 'rgl::rgl.clear' is deprecated.
     Warning: 'rgl::rgl.clear' is deprecated.
     Warning: 'rgl::rgl.clear' is deprecated.
     Warning: 'rgl::rgl.clear' is deprecated.
     Warning: 'rgl::rgl.clear' is deprecated.
     Warning: 'rgl::rgl.clear' is deprecated.
     Warning: 'rgl::rgl.clear' is deprecated.
     Warning: 'rgl::rgl.clear' is deprecated.
     Warning: 'rgl::rgl.clear' is deprecated.
     Warning: 'rgl::rgl.clear' is deprecated.
     Warning: 'rgl::rgl.clear' is deprecated.
     Warning: 'rgl::rgl.clear' is deprecated.
     Warning: 'rgl::rgl.clear' is deprecated.
     Warning: 'rgl::rgl.clear' is deprecated.
     Warning: 'rgl::rgl.clear' is deprecated.
     Warning: 'rgl::rgl.clear' is deprecated.
     Warning: 'rgl::rgl.clear' is deprecated.
     Warning: 'rgl::rgl.clear' is deprecated.
     Warning: 'rgl::rgl.clear' is deprecated.
     Warning: 'rgl::rgl.clear' is deprecated.
     Warning: 'rgl::rgl.clear' is deprecated.
    Deprecated functions may be defunct as soon as of the next release of
    R.
    See ?Deprecated.
    Examples with CPU (user + system) or elapsed time > 5s
     user system elapsed
    poly.network 9.426 0.092 10.361
    dkmap 7.548 0.143 8.358
    angularity 6.246 0.271 7.584
    dne 6.032 0.077 7.643
    dkcrop 5.949 0.088 6.271
    oedist 4.964 0.211 5.643
Flavor: r-patched-linux-x86_64

Version: 1.42.1
Check: examples
Result: WARN
    Found the following significant warnings:
    
     Warning: 'rgl::rgl.clear' is deprecated.
     Warning: 'rgl::rgl.clear' is deprecated.
     Warning: 'rgl::rgl.clear' is deprecated.
     Warning: 'rgl::rgl.clear' is deprecated.
     Warning: 'rgl::rgl.clear' is deprecated.
     Warning: 'rgl::rgl.clear' is deprecated.
     Warning: 'rgl::rgl.clear' is deprecated.
     Warning: 'rgl::rgl.clear' is deprecated.
     Warning: 'rgl::rgl.clear' is deprecated.
     Warning: 'rgl::rgl.clear' is deprecated.
     Warning: 'rgl::rgl.clear' is deprecated.
     Warning: 'rgl::rgl.clear' is deprecated.
     Warning: 'rgl::rgl.clear' is deprecated.
     Warning: 'rgl::rgl.clear' is deprecated.
     Warning: 'rgl::rgl.clear' is deprecated.
     Warning: 'rgl::rgl.clear' is deprecated.
     Warning: 'rgl::rgl.clear' is deprecated.
     Warning: 'rgl::rgl.clear' is deprecated.
     Warning: 'rgl::rgl.clear' is deprecated.
     Warning: 'rgl::rgl.clear' is deprecated.
     Warning: 'rgl::rgl.clear' is deprecated.
     Warning: 'rgl::rgl.clear' is deprecated.
     Warning: 'rgl::rgl.clear' is deprecated.
     Warning: 'rgl::rgl.clear' is deprecated.
     Warning: 'rgl::rgl.clear' is deprecated.
     Warning: 'rgl::rgl.clear' is deprecated.
     Warning: 'rgl::rgl.clear' is deprecated.
    Deprecated functions may be defunct as soon as of the next release of
    R.
    See ?Deprecated.
    Examples with CPU (user + system) or elapsed time > 5s
     user system elapsed
    poly.network 9.448 0.058 10.876
    dkmap 7.727 0.168 7.714
    angularity 6.354 0.418 8.164
    dne 5.998 0.103 7.012
    dkcrop 6.032 0.051 6.354
    oedist 4.976 0.127 5.414
Flavor: r-release-linux-x86_64