Last updated on 2023-10-03 08:04:48 CEST.
Flavor | Version | Tinstall | Tcheck | Ttotal | Status | Flags |
---|---|---|---|---|---|---|
r-devel-linux-x86_64-debian-clang | 1.42.2 | 16.94 | 185.26 | 202.20 | OK | |
r-devel-linux-x86_64-debian-gcc | 1.42.2 | 16.09 | 133.71 | 149.80 | OK | |
r-devel-linux-x86_64-fedora-clang | 1.42.2 | 244.60 | NOTE | |||
r-devel-linux-x86_64-fedora-gcc | 1.42.2 | 251.04 | OK | |||
r-devel-windows-x86_64 | 1.42.2 | 19.00 | 165.00 | 184.00 | NOTE | |
r-patched-linux-x86_64 | 1.42.2 | 14.75 | 177.17 | 191.92 | OK | |
r-release-linux-x86_64 | 1.42.2 | 12.83 | 181.48 | 194.31 | OK | |
r-release-macos-arm64 | 1.42.2 | 65.00 | NOTE | |||
r-release-macos-x86_64 | 1.42.2 | 1803.00 | NOTE | |||
r-release-windows-x86_64 | 1.42.2 | 23.00 | 204.00 | 227.00 | NOTE | |
r-oldrel-macos-arm64 | 1.42.2 | 195.00 | NOTE | |||
r-oldrel-macos-x86_64 | 1.42.2 | 370.00 | NOTE | |||
r-oldrel-windows-x86_64 | 1.42.2 | 24.00 | 199.00 | 223.00 | NOTE |
Version: 1.42.2
Check: installed package size
Result: NOTE
installed size is 6.4Mb
sub-directories of 1Mb or more:
R 2.0Mb
data 1.9Mb
extdata 2.3Mb
Flavors: r-devel-linux-x86_64-fedora-clang, r-devel-windows-x86_64, r-release-macos-arm64, r-release-macos-x86_64, r-release-windows-x86_64, r-oldrel-macos-arm64, r-oldrel-macos-x86_64, r-oldrel-windows-x86_64
Version: 1.42.2
Check: Rd cross-references
Result: NOTE
Undeclared package ‘molaR’ in Rd xrefs
Flavor: r-devel-linux-x86_64-fedora-clang