Last updated on 2022-05-20 01:51:03 CEST.
Flavor | Version | Tinstall | Tcheck | Ttotal | Status | Flags |
---|---|---|---|---|---|---|
r-devel-linux-x86_64-debian-clang | 1.0.0 | 13.76 | 325.32 | 339.08 | OK | |
r-devel-linux-x86_64-debian-gcc | 1.0.0 | 11.16 | 222.25 | 233.41 | OK | |
r-devel-linux-x86_64-fedora-clang | 1.0.0 | 370.44 | NOTE | |||
r-devel-linux-x86_64-fedora-gcc | 1.0.0 | 358.04 | NOTE | |||
r-devel-windows-x86_64 | 1.0.0 | 25.00 | 320.00 | 345.00 | OK | |
r-patched-linux-x86_64 | 1.0.0 | 14.73 | 287.37 | 302.10 | OK | |
r-release-linux-x86_64 | 1.0.0 | 12.16 | 281.01 | 293.17 | OK | |
r-release-macos-arm64 | 1.0.0 | 131.00 | NOTE | |||
r-release-macos-x86_64 | 1.0.0 | 193.00 | NOTE | |||
r-release-windows-x86_64 | 1.0.0 | 27.00 | 315.00 | 342.00 | OK | |
r-oldrel-macos-arm64 | 1.0.0 | 183.00 | NOTE | |||
r-oldrel-macos-x86_64 | 1.0.0 | 201.00 | NOTE | |||
r-oldrel-windows-ix86+x86_64 | 1.0.0 | 33.00 | 321.00 | 354.00 | OK |
Version: 1.0.0
Check: dependencies in R code
Result: NOTE
Namespace in Imports field not imported from: ‘gridExtra’
All declared Imports should be used.
Flavors: r-devel-linux-x86_64-fedora-clang, r-devel-linux-x86_64-fedora-gcc, r-release-macos-arm64, r-release-macos-x86_64, r-oldrel-macos-arm64, r-oldrel-macos-x86_64