Last updated on 2023-01-28 01:50:07 CET.
Flavor | Version | Tinstall | Tcheck | Ttotal | Status | Flags |
---|---|---|---|---|---|---|
r-devel-linux-x86_64-debian-clang | 0.3.1 | 3.94 | 36.68 | 40.62 | NOTE | |
r-devel-linux-x86_64-debian-gcc | 0.3.1 | 2.95 | 29.09 | 32.04 | NOTE | |
r-devel-linux-x86_64-fedora-clang | 0.3.1 | 51.12 | NOTE | |||
r-devel-linux-x86_64-fedora-gcc | 0.3.1 | 50.48 | NOTE | |||
r-devel-windows-x86_64 | 0.3.1 | 8.00 | 66.00 | 74.00 | NOTE | |
r-patched-linux-x86_64 | 0.3.1 | 4.43 | 37.94 | 42.37 | NOTE | |
r-release-linux-x86_64 | 0.3.1 | 4.24 | 37.96 | 42.20 | NOTE | |
r-release-macos-arm64 | 0.3.1 | 18.00 | NOTE | |||
r-release-macos-x86_64 | 0.3.1 | 38.00 | NOTE | |||
r-release-windows-x86_64 | 0.3.1 | 20.00 | 72.00 | 92.00 | NOTE | |
r-oldrel-macos-arm64 | 0.3.1 | 23.00 | NOTE | |||
r-oldrel-macos-x86_64 | 0.3.1 | 36.00 | NOTE | |||
r-oldrel-windows-ix86+x86_64 | 0.3.1 | 17.00 | 68.00 | 85.00 | NOTE |
Version: 0.3.1
Check: LazyData
Result: NOTE
'LazyData' is specified without a 'data' directory
Flavors: r-devel-linux-x86_64-debian-clang, r-devel-linux-x86_64-debian-gcc, r-devel-linux-x86_64-fedora-clang, r-devel-linux-x86_64-fedora-gcc, r-devel-windows-x86_64, r-patched-linux-x86_64, r-release-linux-x86_64, r-release-macos-arm64, r-release-macos-x86_64, r-release-windows-x86_64, r-oldrel-macos-arm64, r-oldrel-macos-x86_64, r-oldrel-windows-ix86+x86_64