Last updated on 2023-02-08 02:03:11 CET.
Flavor | Version | Tinstall | Tcheck | Ttotal | Status | Flags |
---|---|---|---|---|---|---|
r-devel-linux-x86_64-debian-clang | 1.0.1 | 12.72 | 120.49 | 133.21 | OK | |
r-devel-linux-x86_64-debian-gcc | 1.0.1 | 10.31 | 88.30 | 98.61 | OK | |
r-devel-linux-x86_64-fedora-clang | 1.0.1 | 168.99 | NOTE | |||
r-devel-linux-x86_64-fedora-gcc | 1.0.1 | 159.78 | OK | |||
r-devel-windows-x86_64 | 1.0.1 | 32.00 | 138.00 | 170.00 | OK | |
r-patched-linux-x86_64 | 1.0.1 | 10.06 | 112.73 | 122.79 | OK | |
r-release-linux-x86_64 | 1.0.1 | 13.01 | 117.67 | 130.68 | OK | |
r-release-macos-arm64 | 1.0.1 | 49.00 | OK | |||
r-release-macos-x86_64 | 1.0.1 | 64.00 | OK | |||
r-release-windows-x86_64 | 1.0.1 | 26.00 | 147.00 | 173.00 | OK | |
r-oldrel-macos-arm64 | 1.0.1 | 52.00 | OK | |||
r-oldrel-macos-x86_64 | 1.0.1 | 68.00 | OK | |||
r-oldrel-windows-ix86+x86_64 | 1.0.1 | 27.00 | 131.00 | 158.00 | OK |
Version: 1.0.1
Check: Rd cross-references
Result: NOTE
Undeclared package ‘SimMultiCorrData’ in Rd xrefs
Flavor: r-devel-linux-x86_64-fedora-clang