Last updated on 2023-01-30 01:53:30 CET.
Flavor | Version | Tinstall | Tcheck | Ttotal | Status | Flags |
---|---|---|---|---|---|---|
r-devel-linux-x86_64-debian-clang | 0.2.1 | 5.26 | 104.59 | 109.85 | NOTE | |
r-devel-linux-x86_64-debian-gcc | 0.2.1 | 4.36 | 81.50 | 85.86 | NOTE | |
r-devel-linux-x86_64-fedora-clang | 0.2.1 | 129.26 | NOTE | |||
r-devel-linux-x86_64-fedora-gcc | 0.2.1 | 130.81 | NOTE | |||
r-devel-windows-x86_64 | 0.2.1 | 14.00 | 113.00 | 127.00 | NOTE | |
r-patched-linux-x86_64 | 0.2.1 | 4.11 | 102.92 | 107.03 | NOTE | |
r-release-linux-x86_64 | 0.2.1 | 6.12 | 103.63 | 109.75 | NOTE | |
r-release-macos-arm64 | 0.2.1 | 33.00 | NOTE | |||
r-release-macos-x86_64 | 0.2.1 | 76.00 | NOTE | |||
r-release-windows-x86_64 | 0.2.1 | 22.00 | 127.00 | 149.00 | NOTE | |
r-oldrel-macos-arm64 | 0.2.1 | 40.00 | NOTE | |||
r-oldrel-macos-x86_64 | 0.2.1 | 73.00 | NOTE | |||
r-oldrel-windows-ix86+x86_64 | 0.2.1 | 16.00 | 98.00 | 114.00 | NOTE |
Version: 0.2.1
Check: LazyData
Result: NOTE
'LazyData' is specified without a 'data' directory
Flavors: r-devel-linux-x86_64-debian-clang, r-devel-linux-x86_64-debian-gcc, r-devel-linux-x86_64-fedora-clang, r-devel-linux-x86_64-fedora-gcc, r-devel-windows-x86_64, r-patched-linux-x86_64, r-release-linux-x86_64, r-release-macos-arm64, r-release-macos-x86_64, r-release-windows-x86_64, r-oldrel-macos-arm64, r-oldrel-macos-x86_64, r-oldrel-windows-ix86+x86_64