CRAN Package Check Results for Package dsa

Last updated on 2021-04-20 01:47:03 CEST.

Flavor Version Tinstall Tcheck Ttotal Status Flags
r-devel-linux-x86_64-debian-clang 0.74.18 7.40 105.46 112.86 NOTE
r-devel-linux-x86_64-debian-gcc 0.74.18 6.28 70.19 76.47 NOTE
r-devel-linux-x86_64-fedora-clang 0.74.18 140.72 NOTE
r-devel-linux-x86_64-fedora-gcc 0.74.18 121.75 NOTE
r-devel-windows-ix86+x86_64 0.74.18 11.00 100.00 111.00 NOTE
r-devel-windows-x86_64-gcc10-UCRT 0.74.18 NOTE
r-patched-linux-x86_64 0.74.18 6.43 91.52 97.95 OK
r-patched-solaris-x86 0.74.18 191.90 NOTE
r-release-linux-x86_64 0.74.18 6.56 89.63 96.19 OK
r-release-macos-x86_64 0.74.18 NOTE
r-release-windows-ix86+x86_64 0.74.18 14.00 128.00 142.00 OK
r-oldrel-macos-x86_64 0.74.18 NOTE
r-oldrel-windows-ix86+x86_64 0.74.18 8.00 127.00 135.00 OK

Check Details

Version: 0.74.18
Check: LazyData
Result: NOTE
     'LazyData' is specified without a 'data' directory
Flavors: r-devel-linux-x86_64-debian-clang, r-devel-linux-x86_64-debian-gcc, r-devel-linux-x86_64-fedora-clang, r-devel-linux-x86_64-fedora-gcc, r-devel-windows-ix86+x86_64, r-devel-windows-x86_64-gcc10-UCRT

Version: 0.74.18
Check: dependencies in R code
Result: NOTE
    Namespaces in Imports field not imported from:
     ‘rJava’ ‘tools’ ‘xtable’
     All declared Imports should be used.
Flavors: r-devel-linux-x86_64-fedora-clang, r-devel-linux-x86_64-fedora-gcc, r-devel-windows-x86_64-gcc10-UCRT, r-patched-solaris-x86, r-release-macos-x86_64, r-oldrel-macos-x86_64