CRAN Package Check Results for Package dsa

Last updated on 2020-07-14 02:06:48 CEST.

Flavor Version Tinstall Tcheck Ttotal Status Flags
r-devel-linux-x86_64-debian-clang 0.74.18 9.87 101.73 111.60 OK
r-devel-linux-x86_64-debian-gcc 0.74.18 7.19 68.25 75.44 OK
r-devel-linux-x86_64-fedora-clang 0.74.18 138.37 NOTE
r-devel-linux-x86_64-fedora-gcc 0.74.18 117.98 NOTE
r-devel-windows-ix86+x86_64 0.74.18 17.00 113.00 130.00 OK
r-patched-linux-x86_64 0.74.18 6.69 89.92 96.61 OK
r-patched-solaris-x86 0.74.18 187.60 NOTE
r-release-linux-x86_64 0.74.18 5.82 88.70 94.52 OK
r-release-macos-x86_64 0.74.18 ERROR
r-release-windows-ix86+x86_64 0.74.18 26.00 110.00 136.00 OK
r-oldrel-macos-x86_64 0.74.18 NOTE
r-oldrel-windows-ix86+x86_64 0.74.18 20.00 140.00 160.00 OK

Check Details

Version: 0.74.18
Check: dependencies in R code
Result: NOTE
    Namespaces in Imports field not imported from:
     ‘rJava’ ‘tools’ ‘xtable’
     All declared Imports should be used.
Flavors: r-devel-linux-x86_64-fedora-clang, r-devel-linux-x86_64-fedora-gcc, r-patched-solaris-x86, r-oldrel-macos-x86_64

Version: 0.74.18
Check: whether package can be installed
Result: ERROR
    Installation failed.
Flavor: r-release-macos-x86_64