Last updated on 2022-08-11 01:49:06 CEST.
Flavor | Version | Tinstall | Tcheck | Ttotal | Status | Flags |
---|---|---|---|---|---|---|
r-devel-linux-x86_64-debian-clang | 1.0.12 | 10.61 | 366.55 | 377.16 | OK | |
r-devel-linux-x86_64-debian-gcc | 1.0.12 | 9.95 | 268.07 | 278.02 | OK | |
r-devel-linux-x86_64-fedora-clang | 1.0.12 | 483.12 | NOTE | |||
r-devel-linux-x86_64-fedora-gcc | 1.0.12 | 457.08 | NOTE | |||
r-devel-windows-x86_64 | 1.0.12 | 18.00 | 445.00 | 463.00 | OK | |
r-patched-linux-x86_64 | 1.0.12 | 7.09 | 345.58 | 352.67 | OK | |
r-release-linux-x86_64 | 1.0.12 | OK | ||||
r-release-macos-arm64 | 1.0.12 | 168.00 | NOTE | |||
r-release-macos-x86_64 | 1.0.12 | 289.00 | NOTE | |||
r-release-windows-x86_64 | 1.0.12 | 22.00 | 454.00 | 476.00 | OK | |
r-oldrel-macos-arm64 | 1.0.12 | 226.00 | NOTE | |||
r-oldrel-macos-x86_64 | 1.0.12 | 207.00 | NOTE | |||
r-oldrel-windows-ix86+x86_64 | 1.0.12 | 21.00 | 456.00 | 477.00 | OK |
Version: 1.0.12
Check: dependencies in R code
Result: NOTE
Namespaces in Imports field not imported from:
‘rJava’ ‘tools’
All declared Imports should be used.
Flavors: r-devel-linux-x86_64-fedora-clang, r-devel-linux-x86_64-fedora-gcc, r-release-macos-arm64, r-release-macos-x86_64, r-oldrel-macos-arm64, r-oldrel-macos-x86_64