Last updated on 2022-07-03 01:48:53 CEST.
Flavor | Version | Tinstall | Tcheck | Ttotal | Status | Flags |
---|---|---|---|---|---|---|
r-devel-linux-x86_64-debian-clang | 2020.2-1 | 20.05 | 181.76 | 201.81 | OK | |
r-devel-linux-x86_64-debian-gcc | 2020.2-1 | 15.38 | 130.44 | 145.82 | OK | |
r-devel-linux-x86_64-fedora-clang | 2020.2-1 | 239.95 | NOTE | |||
r-devel-linux-x86_64-fedora-gcc | 2020.2-1 | 1144.32 | NOTE | |||
r-devel-windows-x86_64 | 2020.2-1 | 87.00 | 263.00 | 350.00 | OK | |
r-patched-linux-x86_64 | 2020.2-1 | 19.51 | 163.89 | 183.40 | OK | |
r-release-linux-x86_64 | 2020.2-1 | 15.55 | 161.60 | 177.15 | OK | |
r-release-macos-arm64 | 2020.2-1 | 308.00 | OK | |||
r-release-macos-x86_64 | 2020.2-1 | 603.00 | OK | |||
r-release-windows-x86_64 | 2020.2-1 | 67.00 | 258.00 | 325.00 | OK | |
r-oldrel-macos-arm64 | 2020.2-1 | 308.00 | OK | |||
r-oldrel-macos-x86_64 | 2020.2-1 | 905.00 | OK | |||
r-oldrel-windows-ix86+x86_64 | 2020.2-1 | 31.00 | 192.00 | 223.00 | OK |
Version: 2020.2-1
Check: Rd cross-references
Result: NOTE
Undeclared package ‘EvalEst’ in Rd xrefs
Flavor: r-devel-linux-x86_64-fedora-clang
Version: 2020.2-1
Check: compiled code
Result: NOTE
File ‘dse/libs/dse.so’:
Found no calls to: ‘R_registerRoutines’, ‘R_useDynamicSymbols’
It is good practice to register native routines and to disable symbol
search.
See ‘Writing portable packages’ in the ‘Writing R Extensions’ manual.
Flavors: r-devel-linux-x86_64-fedora-clang, r-devel-linux-x86_64-fedora-gcc