Last updated on 2023-12-07 07:50:29 CET.
Flavor | Version | Tinstall | Tcheck | Ttotal | Status | Flags |
---|---|---|---|---|---|---|
r-devel-linux-x86_64-debian-clang | 0.2.0 | 1.77 | 22.61 | 24.38 | OK | |
r-devel-linux-x86_64-debian-gcc | 0.2.0 | 1.60 | 17.92 | 19.52 | OK | |
r-devel-linux-x86_64-fedora-clang | 0.2.0 | 32.07 | NOTE | |||
r-devel-linux-x86_64-fedora-gcc | 0.2.0 | 29.58 | OK | |||
r-devel-windows-x86_64 | 0.2.0 | 3.00 | 45.00 | 48.00 | OK | |
r-patched-linux-x86_64 | 0.2.0 | 1.55 | 22.80 | 24.35 | OK | |
r-release-linux-x86_64 | 0.2.0 | 2.22 | 22.61 | 24.83 | OK | |
r-release-macos-arm64 | 0.2.0 | 16.00 | OK | |||
r-release-macos-x86_64 | 0.2.0 | 20.00 | OK | |||
r-release-windows-x86_64 | 0.2.0 | 3.00 | 45.00 | 48.00 | OK | |
r-oldrel-macos-arm64 | 0.2.0 | 16.00 | OK | |||
r-oldrel-macos-x86_64 | 0.2.0 | 21.00 | OK | |||
r-oldrel-windows-x86_64 | 0.2.0 | 4.00 | 47.00 | 51.00 | OK |
Version: 0.2.0
Check: Rd cross-references
Result: NOTE
Undeclared packages ‘dstat’, ‘sensitivity2x2xk’ in Rd xrefs
Flavor: r-devel-linux-x86_64-fedora-clang