CRAN Package Check Results for Package dtplyr

Last updated on 2024-07-21 06:52:06 CEST.

Flavor Version Tinstall Tcheck Ttotal Status Flags
r-devel-linux-x86_64-debian-clang 1.3.1 8.05 112.24 120.29 OK
r-devel-linux-x86_64-debian-gcc 1.3.1 7.43 81.62 89.05 NOTE
r-devel-linux-x86_64-fedora-clang 1.3.1 151.87 OK
r-devel-linux-x86_64-fedora-gcc 1.3.1 148.58 OK
r-devel-windows-x86_64 1.3.1 8.00 108.00 116.00 NOTE
r-patched-linux-x86_64 1.3.1 13.50 106.85 120.35 OK
r-release-linux-x86_64 1.3.1 8.02 106.13 114.15 OK
r-release-macos-arm64 1.3.1 48.00 OK
r-release-macos-x86_64 1.3.1 76.00 OK
r-release-windows-x86_64 1.3.1 8.00 108.00 116.00 OK
r-oldrel-macos-arm64 1.3.1 49.00 OK
r-oldrel-macos-x86_64 1.3.1 81.00 OK
r-oldrel-windows-x86_64 1.3.1 11.00 126.00 137.00 OK

Check Details

Version: 1.3.1
Check: Rd cross-references
Result: NOTE Found the following Rd file(s) with Rd \link{} targets missing package anchors: arrange.dtplyr_step.Rd: arrange count.dtplyr_step.Rd: count distinct.dtplyr_step.Rd: distinct filter.dtplyr_step.Rd: arrange group_by.dtplyr_step.Rd: group_by, ungroup group_modify.dtplyr_step.Rd: group_map, group_modify intersect.dtplyr_step.Rd: union_all lazy_dt.Rd: collect, pull, select left_join.dtplyr_step.Rd: left_join, right_join, inner_join, full_join, anti_join, semi_join mutate.dtplyr_step.Rd: mutate relocate.dtplyr_step.Rd: relocate rename.dtplyr_step.Rd: rename, rename_with select.dtplyr_step.Rd: select slice.dtplyr_step.Rd: slice summarise.dtplyr_step.Rd: summarise transmute.dtplyr_step.Rd: transmute Please provide package anchors for all Rd \link{} targets not in the package itself and the base packages. Flavors: r-devel-linux-x86_64-debian-gcc, r-devel-windows-x86_64