CRAN Package Check Results for Package dttr2

Last updated on 2021-05-07 01:48:39 CEST.

Flavor Version Tinstall Tcheck Ttotal Status Flags
r-devel-linux-x86_64-debian-clang 0.3.0 5.01 45.36 50.37 NOTE
r-devel-linux-x86_64-debian-gcc 0.3.0 3.64 34.83 38.47 NOTE
r-devel-linux-x86_64-fedora-clang 0.3.0 69.08 NOTE
r-devel-linux-x86_64-fedora-gcc 0.3.0 59.07 NOTE
r-devel-windows-ix86+x86_64 0.3.0 10.00 68.00 78.00 NOTE
r-devel-windows-x86_64-gcc10-UCRT 0.3.0 NOTE
r-patched-linux-x86_64 0.3.0 4.90 44.67 49.57 NOTE
r-patched-solaris-x86 0.3.0 84.20 OK
r-release-linux-x86_64 0.3.0 4.52 44.08 48.60 OK
r-release-macos-x86_64 0.3.0 OK
r-release-windows-ix86+x86_64 0.3.0 7.00 52.00 59.00 OK
r-oldrel-macos-x86_64 0.3.0 OK
r-oldrel-windows-ix86+x86_64 0.3.0 6.00 68.00 74.00 OK

Check Details

Version: 0.3.0
Check: LazyData
Result: NOTE
     'LazyData' is specified without a 'data' directory
Flavors: r-devel-linux-x86_64-debian-clang, r-devel-linux-x86_64-debian-gcc, r-devel-linux-x86_64-fedora-clang, r-devel-linux-x86_64-fedora-gcc, r-devel-windows-ix86+x86_64, r-devel-windows-x86_64-gcc10-UCRT, r-patched-linux-x86_64