CRAN Package Check Results for Package dtwclust

Last updated on 2020-02-28 00:47:52 CET.

Flavor Version Tinstall Tcheck Ttotal Status Flags
r-devel-linux-x86_64-debian-clang 5.5.6 160.76 363.84 524.60 NOTE
r-devel-linux-x86_64-debian-gcc 5.5.6 111.32 267.05 378.37 NOTE
r-devel-linux-x86_64-fedora-clang 5.5.6 692.83 NOTE
r-devel-linux-x86_64-fedora-gcc 5.5.6 648.69 NOTE
r-devel-windows-ix86+x86_64 5.5.6 303.00 436.00 739.00 NOTE
r-devel-windows-ix86+x86_64-gcc8 5.5.6 307.00 462.00 769.00 NOTE
r-patched-linux-x86_64 5.5.6 128.75 325.92 454.67 NOTE
r-patched-solaris-x86 5.5.6 938.90 NOTE
r-release-linux-x86_64 5.5.6 128.32 333.94 462.26 NOTE
r-release-windows-ix86+x86_64 5.5.6 339.00 428.00 767.00 NOTE
r-release-osx-x86_64 5.5.6 NOTE
r-oldrel-windows-ix86+x86_64 5.5.6 285.00 416.00 701.00 NOTE
r-oldrel-osx-x86_64 5.5.6 NOTE

Check Details

Version: 5.5.6
Check: for GNU extensions in Makefiles
Result: NOTE
    GNU make is a SystemRequirements.
Flavors: r-devel-linux-x86_64-debian-clang, r-devel-linux-x86_64-debian-gcc, r-devel-linux-x86_64-fedora-clang, r-devel-linux-x86_64-fedora-gcc, r-devel-windows-ix86+x86_64, r-devel-windows-ix86+x86_64-gcc8, r-patched-linux-x86_64, r-patched-solaris-x86, r-release-linux-x86_64, r-release-windows-ix86+x86_64, r-release-osx-x86_64, r-oldrel-windows-ix86+x86_64, r-oldrel-osx-x86_64

Version: 5.5.6
Check: installed package size
Result: NOTE
     installed size is 9.1Mb
     sub-directories of 1Mb or more:
     doc 2.6Mb
     libs 5.2Mb
Flavors: r-devel-linux-x86_64-fedora-clang, r-devel-windows-ix86+x86_64, r-devel-windows-ix86+x86_64-gcc8, r-release-windows-ix86+x86_64, r-release-osx-x86_64, r-oldrel-windows-ix86+x86_64, r-oldrel-osx-x86_64