CRAN Package Check Results for Package dtwclust

Last updated on 2020-06-05 01:50:00 CEST.

Flavor Version Tinstall Tcheck Ttotal Status Flags
r-devel-linux-x86_64-debian-clang 5.5.6 167.28 375.10 542.38 NOTE
r-devel-linux-x86_64-debian-gcc 5.5.6 136.36 279.22 415.58 NOTE
r-devel-linux-x86_64-fedora-clang 5.5.6 696.36 NOTE
r-devel-linux-x86_64-fedora-gcc 5.5.6 660.25 NOTE
r-devel-windows-ix86+x86_64 5.5.6 440.00 592.00 1032.00 NOTE
r-patched-linux-x86_64 5.5.6 135.73 367.75 503.48 NOTE
r-patched-solaris-x86 5.5.6 956.30 NOTE
r-release-linux-x86_64 5.5.6 134.73 368.53 503.26 NOTE
r-release-osx-x86_64 5.5.6 NOTE
r-release-windows-ix86+x86_64 5.5.6 354.00 465.00 819.00 NOTE
r-oldrel-osx-x86_64 5.5.6 NOTE
r-oldrel-windows-ix86+x86_64 5.5.6 434.00 606.00 1040.00 NOTE

Check Details

Version: 5.5.6
Check: for GNU extensions in Makefiles
Result: NOTE
    GNU make is a SystemRequirements.
Flavors: r-devel-linux-x86_64-debian-clang, r-devel-linux-x86_64-debian-gcc, r-devel-linux-x86_64-fedora-clang, r-devel-linux-x86_64-fedora-gcc, r-devel-windows-ix86+x86_64, r-patched-linux-x86_64, r-patched-solaris-x86, r-release-linux-x86_64, r-release-osx-x86_64, r-release-windows-ix86+x86_64, r-oldrel-osx-x86_64, r-oldrel-windows-ix86+x86_64

Version: 5.5.6
Check: installed package size
Result: NOTE
     installed size is 10.5Mb
     sub-directories of 1Mb or more:
     doc 2.6Mb
     libs 6.6Mb
Flavors: r-devel-linux-x86_64-fedora-clang, r-devel-windows-ix86+x86_64, r-release-osx-x86_64, r-release-windows-ix86+x86_64, r-oldrel-osx-x86_64, r-oldrel-windows-ix86+x86_64