Last updated on 2022-06-25 01:48:58 CEST.
Flavor | Version | Tinstall | Tcheck | Ttotal | Status | Flags |
---|---|---|---|---|---|---|
r-devel-linux-x86_64-debian-clang | 5.5.10 | 171.51 | 397.76 | 569.27 | NOTE | |
r-devel-linux-x86_64-debian-gcc | 5.5.10 | 145.29 | 292.50 | 437.79 | NOTE | |
r-devel-linux-x86_64-fedora-clang | 5.5.10 | 775.08 | NOTE | |||
r-devel-linux-x86_64-fedora-gcc | 5.5.10 | 741.03 | NOTE | |||
r-devel-windows-x86_64 | 5.5.10 | 238.00 | 453.00 | 691.00 | NOTE | |
r-patched-linux-x86_64 | 5.5.10 | 152.66 | 378.44 | 531.10 | NOTE | |
r-release-linux-x86_64 | 5.5.10 | 150.08 | 380.55 | 530.63 | NOTE | |
r-release-macos-arm64 | 5.5.10 | 222.00 | NOTE | |||
r-release-macos-x86_64 | 5.5.10 | 299.00 | NOTE | |||
r-release-windows-x86_64 | 5.5.10 | 234.00 | 431.00 | 665.00 | NOTE | |
r-oldrel-macos-arm64 | 5.5.10 | 147.00 | NOTE | |||
r-oldrel-macos-x86_64 | 5.5.10 | 278.00 | NOTE | |||
r-oldrel-windows-ix86+x86_64 | 5.5.10 | 442.00 | 589.00 | 1031.00 | NOTE |
Version: 5.5.10
Check: for GNU extensions in Makefiles
Result: NOTE
GNU make is a SystemRequirements.
Flavors: r-devel-linux-x86_64-debian-clang, r-devel-linux-x86_64-debian-gcc, r-devel-linux-x86_64-fedora-clang, r-devel-linux-x86_64-fedora-gcc, r-devel-windows-x86_64, r-patched-linux-x86_64, r-release-linux-x86_64, r-release-macos-arm64, r-release-macos-x86_64, r-release-windows-x86_64, r-oldrel-macos-arm64, r-oldrel-macos-x86_64, r-oldrel-windows-ix86+x86_64
Version: 5.5.10
Check: installed package size
Result: NOTE
installed size is 7.9Mb
sub-directories of 1Mb or more:
doc 2.4Mb
libs 4.2Mb
Flavors: r-devel-linux-x86_64-fedora-clang, r-release-macos-arm64, r-release-macos-x86_64, r-oldrel-macos-arm64, r-oldrel-macos-x86_64, r-oldrel-windows-ix86+x86_64