CRAN Package Check Results for Package duckduckr

Last updated on 2022-06-30 01:49:07 CEST.

Flavor Version Tinstall Tcheck Ttotal Status Flags
r-devel-linux-x86_64-debian-clang 1.0.0 2.01 22.10 24.11 NOTE
r-devel-linux-x86_64-debian-gcc 1.0.0 1.40 18.19 19.59 NOTE
r-devel-linux-x86_64-fedora-clang 1.0.0 41.39 NOTE
r-devel-linux-x86_64-fedora-gcc 1.0.0 42.04 NOTE
r-devel-windows-x86_64 1.0.0 13.00 56.00 69.00 NOTE
r-patched-linux-x86_64 1.0.0 1.30 22.73 24.03 NOTE
r-release-linux-x86_64 1.0.0 1.71 22.14 23.85 NOTE
r-release-macos-arm64 1.0.0 15.00 NOTE
r-release-macos-x86_64 1.0.0 22.00 NOTE
r-release-windows-x86_64 1.0.0 8.00 55.00 63.00 NOTE
r-oldrel-macos-arm64 1.0.0 34.00 NOTE
r-oldrel-macos-x86_64 1.0.0 27.00 NOTE
r-oldrel-windows-ix86+x86_64 1.0.0 4.00 40.00 44.00 NOTE

Check Details

Version: 1.0.0
Check: LazyData
Result: NOTE
     'LazyData' is specified without a 'data' directory
Flavors: r-devel-linux-x86_64-debian-clang, r-devel-linux-x86_64-debian-gcc, r-devel-linux-x86_64-fedora-clang, r-devel-linux-x86_64-fedora-gcc, r-devel-windows-x86_64, r-patched-linux-x86_64, r-release-linux-x86_64, r-release-macos-arm64, r-release-macos-x86_64, r-release-windows-x86_64, r-oldrel-macos-arm64, r-oldrel-macos-x86_64, r-oldrel-windows-ix86+x86_64