CRAN Package Check Results for Package duckplyr

Last updated on 2024-02-21 07:52:27 CET.

Flavor Version Tinstall Tcheck Ttotal Status Flags
r-devel-linux-x86_64-debian-clang 0.3.0 NOTE
r-devel-linux-x86_64-debian-gcc 0.3.0 8.50 132.51 141.01 OK
r-devel-linux-x86_64-fedora-clang 0.3.0 230.93 NOTE
r-devel-linux-x86_64-fedora-gcc 0.3.0 224.51 OK
r-devel-windows-x86_64 0.3.0 10.00 149.00 159.00 OK
r-patched-linux-x86_64 0.3.0 15.80 174.33 190.13 OK
r-release-linux-x86_64 0.3.0 9.21 174.32 183.53 OK
r-release-macos-arm64 0.3.0 73.00 OK
r-release-macos-x86_64 0.3.0 143.00 OK
r-release-windows-x86_64 0.3.0 12.00 191.00 203.00 OK
r-oldrel-macos-arm64 0.3.0 70.00 OK
r-oldrel-windows-x86_64 0.3.0 13.00 189.00 202.00 OK

Check Details

Version: 0.3.0
Check: package dependencies
Result: NOTE Package suggested but not available for checking: ‘arrow’ Flavors: r-devel-linux-x86_64-debian-clang, r-devel-linux-x86_64-fedora-clang