CRAN Package Check Results for Package dumbbell

Last updated on 2021-09-23 01:49:33 CEST.

Flavor Version Tinstall Tcheck Ttotal Status Flags
r-devel-linux-x86_64-debian-clang 0.1 9.75 95.34 105.09 NOTE
r-devel-linux-x86_64-debian-gcc 0.1 8.45 70.38 78.83 NOTE
r-devel-linux-x86_64-fedora-clang 0.1 130.61 NOTE
r-devel-linux-x86_64-fedora-gcc 0.1 122.78 NOTE
r-devel-windows-x86_64 0.1 13.00 88.00 101.00 NOTE
r-devel-windows-x86_64-gcc10-UCRT 0.1 ERROR
r-patched-linux-x86_64 0.1 9.88 88.93 98.81 NOTE
r-patched-solaris-x86 0.1 173.70 NOTE
r-release-linux-x86_64 0.1 10.43 88.81 99.24 NOTE
r-release-macos-arm64 0.1 NOTE
r-release-macos-x86_64 0.1 NOTE
r-release-windows-ix86+x86_64 0.1 26.00 86.00 112.00 NOTE
r-oldrel-macos-x86_64 0.1 OK
r-oldrel-windows-ix86+x86_64 0.1 19.00 85.00 104.00 OK

Check Details

Version: 0.1
Check: LazyData
Result: NOTE
     'LazyData' is specified without a 'data' directory
Flavors: r-devel-linux-x86_64-debian-clang, r-devel-linux-x86_64-debian-gcc, r-devel-linux-x86_64-fedora-clang, r-devel-linux-x86_64-fedora-gcc, r-devel-windows-x86_64, r-patched-linux-x86_64, r-patched-solaris-x86, r-release-linux-x86_64, r-release-macos-arm64, r-release-macos-x86_64, r-release-windows-ix86+x86_64

Version: 0.1
Check: package dependencies
Result: ERROR
    Package required but not available: 'tidyverse'
    
    See section 'The DESCRIPTION file' in the 'Writing R Extensions'
    manual.
Flavor: r-devel-windows-x86_64-gcc10-UCRT