CRAN Package Check Results for Package dumbbell

Last updated on 2022-01-25 00:49:46 CET.

Flavor Version Tinstall Tcheck Ttotal Status Flags
r-devel-linux-x86_64-debian-clang 0.1 8.61 98.44 107.05 NOTE
r-devel-linux-x86_64-debian-gcc 0.1 8.22 72.92 81.14 NOTE
r-devel-linux-x86_64-fedora-clang 0.1 127.19 NOTE
r-devel-linux-x86_64-fedora-gcc 0.1 127.72 NOTE
r-devel-windows-x86_64-new-UL 0.1 17.00 119.00 136.00 NOTE
r-devel-windows-x86_64-new-TK 0.1 ERROR
r-patched-linux-x86_64 0.1 9.25 89.73 98.98 NOTE
r-release-linux-x86_64 0.1 8.24 89.51 97.75 NOTE
r-release-macos-arm64 0.1 NOTE
r-release-macos-x86_64 0.1 NOTE
r-release-windows-ix86+x86_64 0.1 23.00 103.00 126.00 NOTE
r-oldrel-macos-x86_64 0.1 OK
r-oldrel-windows-ix86+x86_64 0.1 24.00 109.00 133.00 OK

Check Details

Version: 0.1
Check: LazyData
Result: NOTE
     'LazyData' is specified without a 'data' directory
Flavors: r-devel-linux-x86_64-debian-clang, r-devel-linux-x86_64-debian-gcc, r-devel-linux-x86_64-fedora-clang, r-devel-linux-x86_64-fedora-gcc, r-devel-windows-x86_64-new-UL, r-patched-linux-x86_64, r-release-linux-x86_64, r-release-macos-arm64, r-release-macos-x86_64, r-release-windows-ix86+x86_64

Version: 0.1
Check: package dependencies
Result: ERROR
    Package required but not available: 'rstatix'
    
    See section 'The DESCRIPTION file' in the 'Writing R Extensions'
    manual.
Flavor: r-devel-windows-x86_64-new-TK