Last updated on 2025-06-14 08:49:29 CEST.
Flavor | Version | Tinstall | Tcheck | Ttotal | Status | Flags |
---|---|---|---|---|---|---|
r-devel-linux-x86_64-debian-clang | 1.3.6 | 2.35 | 22.26 | 24.61 | NOTE | |
r-devel-linux-x86_64-debian-gcc | 1.3.6 | 1.92 | 18.33 | 20.25 | NOTE | |
r-devel-linux-x86_64-fedora-clang | 1.3.6 | 38.95 | OK | |||
r-devel-linux-x86_64-fedora-gcc | 1.3.6 | 36.54 | OK | |||
r-devel-windows-x86_64 | 1.3.6 | 4.00 | 46.00 | 50.00 | OK | |
r-patched-linux-x86_64 | 1.3.6 | 2.05 | 21.10 | 23.15 | OK | |
r-release-linux-x86_64 | 1.3.6 | 2.54 | 21.30 | 23.84 | OK | |
r-release-macos-arm64 | 1.3.6 | 18.00 | OK | |||
r-release-macos-x86_64 | 1.3.6 | 26.00 | OK | |||
r-release-windows-x86_64 | 1.3.6 | 4.00 | 46.00 | 50.00 | OK | |
r-oldrel-macos-arm64 | 1.3.6 | 23.00 | OK | |||
r-oldrel-macos-x86_64 | 1.3.6 | 23.00 | OK | |||
r-oldrel-windows-x86_64 | 1.3.6 | 4.00 | 44.00 | 48.00 | OK |
Version: 1.3.6
Check: CRAN incoming feasibility
Result: NOTE
Maintainer: ‘Alexis Dinno <[email protected]>’
No Authors@R field in DESCRIPTION.
Please add one, modifying
Authors@R: person(given = "Alexis",
family = "Dinno",
role = c("aut", "cre"),
email = "[email protected]")
as necessary.
Flavors: r-devel-linux-x86_64-debian-clang, r-devel-linux-x86_64-debian-gcc