Last updated on 2023-02-06 00:52:27 CET.
Flavor | Version | Tinstall | Tcheck | Ttotal | Status | Flags |
---|---|---|---|---|---|---|
r-devel-linux-x86_64-debian-clang | 0.3.0 | 7.03 | 55.98 | 63.01 | NOTE | |
r-devel-linux-x86_64-debian-gcc | 0.3.0 | 5.56 | 41.15 | 46.71 | NOTE | |
r-devel-linux-x86_64-fedora-clang | 0.3.0 | 81.68 | NOTE | |||
r-devel-linux-x86_64-fedora-gcc | 0.3.0 | 72.03 | NOTE | |||
r-devel-windows-x86_64 | 0.3.0 | 10.00 | 85.00 | 95.00 | NOTE | |
r-patched-linux-x86_64 | 0.3.0 | 4.36 | 53.96 | 58.32 | NOTE | |
r-release-linux-x86_64 | 0.3.0 | 6.21 | 52.08 | 58.29 | NOTE | |
r-release-macos-arm64 | 0.3.0 | 28.00 | NOTE | |||
r-release-macos-x86_64 | 0.3.0 | 51.00 | NOTE | |||
r-release-windows-x86_64 | 0.3.0 | 23.00 | 99.00 | 122.00 | NOTE | |
r-oldrel-macos-arm64 | 0.3.0 | 29.00 | NOTE | |||
r-oldrel-macos-x86_64 | 0.3.0 | 44.00 | NOTE | |||
r-oldrel-windows-ix86+x86_64 | 0.3.0 | 15.00 | 78.00 | 93.00 | NOTE |
Version: 0.3.0
Check: LazyData
Result: NOTE
'LazyData' is specified without a 'data' directory
Flavors: r-devel-linux-x86_64-debian-clang, r-devel-linux-x86_64-debian-gcc, r-devel-linux-x86_64-fedora-clang, r-devel-linux-x86_64-fedora-gcc, r-devel-windows-x86_64, r-patched-linux-x86_64, r-release-linux-x86_64, r-release-macos-arm64, r-release-macos-x86_64, r-release-windows-x86_64, r-oldrel-macos-arm64, r-oldrel-macos-x86_64, r-oldrel-windows-ix86+x86_64