Last updated on 2022-06-27 01:49:50 CEST.
Flavor | Version | Tinstall | Tcheck | Ttotal | Status | Flags |
---|---|---|---|---|---|---|
r-devel-linux-x86_64-debian-clang | 1.0 | 6.55 | 52.21 | 58.76 | OK | |
r-devel-linux-x86_64-debian-gcc | 1.0 | 7.36 | 40.22 | 47.58 | OK | |
r-devel-linux-x86_64-fedora-clang | 1.0 | 84.94 | WARN | |||
r-devel-linux-x86_64-fedora-gcc | 1.0 | 87.01 | WARN | |||
r-devel-windows-x86_64 | 1.0 | 37.00 | 77.00 | 114.00 | OK | |
r-patched-linux-x86_64 | 1.0 | 10.80 | 51.53 | 62.33 | OK | |
r-release-linux-x86_64 | 1.0 | 9.40 | 51.63 | 61.03 | OK | |
r-release-macos-arm64 | 1.0 | 25.00 | NOTE | |||
r-release-macos-x86_64 | 1.0 | 38.00 | NOTE | |||
r-release-windows-x86_64 | 1.0 | 46.00 | 84.00 | 130.00 | OK | |
r-oldrel-macos-arm64 | 1.0 | 23.00 | NOTE | |||
r-oldrel-macos-x86_64 | 1.0 | 33.00 | NOTE | |||
r-oldrel-windows-ix86+x86_64 | 1.0 | 17.00 | 68.00 | 85.00 | OK |
Version: 1.0
Check: package dependencies
Result: WARN
Requires orphaned package: ‘gtools’
Flavors: r-devel-linux-x86_64-fedora-clang, r-devel-linux-x86_64-fedora-gcc
Version: 1.0
Check: dependencies in R code
Result: NOTE
Namespaces in Imports field not imported from:
‘GenEst’ ‘expint’ ‘numDeriv’
All declared Imports should be used.
Flavors: r-devel-linux-x86_64-fedora-clang, r-devel-linux-x86_64-fedora-gcc, r-release-macos-arm64, r-release-macos-x86_64, r-oldrel-macos-arm64, r-oldrel-macos-x86_64