CRAN Package Check Results for Package dynBiplotGUI

Last updated on 2021-01-21 00:47:03 CET.

Flavor Version Tinstall Tcheck Ttotal Status Flags
r-devel-linux-x86_64-debian-clang 1.1.6 5.94 36.13 42.07 OK
r-devel-linux-x86_64-debian-gcc 1.1.6 4.18 29.08 33.26 OK
r-devel-linux-x86_64-fedora-clang 1.1.6 63.91 OK
r-devel-linux-x86_64-fedora-gcc 1.1.6 52.19 OK
r-devel-windows-ix86+x86_64 1.1.6 7.00 39.00 46.00 OK
r-patched-linux-x86_64 1.1.6 5.42 35.32 40.74 OK
r-patched-solaris-x86 1.1.6 69.10 OK
r-release-linux-x86_64 1.1.6 5.62 35.48 41.10 OK
r-release-macos-x86_64 1.1.6 OK
r-release-windows-ix86+x86_64 1.1.6 7.00 49.00 56.00 OK
r-oldrel-macos-x86_64 1.1.6 FAIL
r-oldrel-windows-ix86+x86_64 1.1.6 5.00 37.00 42.00 OK

Check Details

Version: 1.1.6
Check: dependencies in R code
Result: FAIL
Flavor: r-oldrel-macos-x86_64